Last updated on 2025-10-24 04:51:05 CEST.
| Flavor | Version | Tinstall | Tcheck | Ttotal | Status | Flags |
|---|---|---|---|---|---|---|
| r-devel-linux-x86_64-debian-clang | 1.2.0 | 1.59 | 17.41 | 19.00 | OK | |
| r-devel-linux-x86_64-debian-gcc | 1.2.0 | 1.24 | 14.37 | 15.61 | OK | |
| r-devel-linux-x86_64-fedora-clang | 1.2.0 | 27.16 | OK | |||
| r-devel-linux-x86_64-fedora-gcc | 1.2.0 | 25.51 | OK | |||
| r-devel-windows-x86_64 | 1.2.0 | 3.00 | 32.00 | 35.00 | OK | |
| r-patched-linux-x86_64 | 1.2.0 | 1.58 | 16.26 | 17.84 | OK | |
| r-release-linux-x86_64 | 1.2.0 | 1.48 | 16.05 | 17.53 | OK | |
| r-release-macos-arm64 | 1.2.0 | 1.00 | 14.00 | 15.00 | OK | |
| r-release-macos-x86_64 | 1.2.0 | 1.00 | 26.00 | 27.00 | OK | |
| r-release-windows-x86_64 | 1.2.0 | 2.00 | 37.00 | 39.00 | OK | |
| r-oldrel-macos-arm64 | 1.2.0 | 1.00 | 15.00 | 16.00 | NOTE | |
| r-oldrel-macos-x86_64 | 1.2.0 | 2.00 | 21.00 | 23.00 | NOTE | |
| r-oldrel-windows-x86_64 | 1.2.0 | 2.00 | 33.00 | 35.00 | NOTE |
Version: 1.2.0
Check: LazyData
Result: NOTE
'LazyData' is specified without a 'data' directory
Flavors: r-oldrel-macos-arm64, r-oldrel-macos-x86_64, r-oldrel-windows-x86_64