CRAN Package Check Results for Package rateratio.test

Last updated on 2025-07-21 08:50:14 CEST.

Flavor Version Tinstall Tcheck Ttotal Status Flags
r-devel-linux-x86_64-debian-clang 1.1 1.40 20.21 21.61 NOTE
r-devel-linux-x86_64-debian-gcc 1.1 1.44 17.50 18.94 NOTE
r-devel-linux-x86_64-fedora-clang 1.1 35.07 OK
r-devel-linux-x86_64-fedora-gcc 1.1 46.07 OK
r-devel-windows-x86_64 1.1 5.00 48.00 53.00 OK
r-patched-linux-x86_64 1.1 1.62 19.48 21.10 OK
r-release-linux-x86_64 1.1 1.27 19.35 20.62 OK
r-release-macos-arm64 1.1 27.00 OK
r-release-macos-x86_64 1.1 39.00 OK
r-release-windows-x86_64 1.1 2.00 56.00 58.00 OK
r-oldrel-macos-arm64 1.1 19.00 OK
r-oldrel-macos-x86_64 1.1 30.00 OK
r-oldrel-windows-x86_64 1.1 3.00 49.00 52.00 OK

Check Details

Version: 1.1
Check: CRAN incoming feasibility
Result: NOTE Maintainer: ‘Michael Fay <mfay@niaid.nih.gov>’ No Authors@R field in DESCRIPTION. Please add one, modifying Authors@R: person(given = "Michael", family = "Fay", role = c("aut", "cre"), email = "mfay@niaid.nih.gov") as necessary. Flavors: r-devel-linux-x86_64-debian-clang, r-devel-linux-x86_64-debian-gcc