CRAN Package Check Results for Package ratios

Last updated on 2025-07-22 08:48:41 CEST.

Flavor Version Tinstall Tcheck Ttotal Status Flags
r-devel-linux-x86_64-debian-clang 1.2.0 3.88 31.57 35.45 NOTE
r-devel-linux-x86_64-debian-gcc 1.2.0 3.19 24.11 27.30 NOTE
r-devel-linux-x86_64-fedora-clang 1.2.0 56.54 OK
r-devel-linux-x86_64-fedora-gcc 1.2.0 52.93 OK
r-devel-windows-x86_64 1.2.0 5.00 48.00 53.00 OK
r-patched-linux-x86_64 1.2.0 4.90 29.24 34.14 OK
r-release-linux-x86_64 1.2.0 4.39 29.63 34.02 OK
r-release-macos-arm64 1.2.0 22.00 OK
r-release-macos-x86_64 1.2.0 35.00 OK
r-release-windows-x86_64 1.2.0 6.00 58.00 64.00 OK
r-oldrel-macos-arm64 1.2.0 20.00 NOTE
r-oldrel-macos-x86_64 1.2.0 29.00 NOTE
r-oldrel-windows-x86_64 1.2.0 7.00 59.00 66.00 NOTE

Check Details

Version: 1.2.0
Check: CRAN incoming feasibility
Result: NOTE Maintainer: ‘Solveig Pospiech <s.pospiech@gmx.de>’ No Authors@R field in DESCRIPTION. Please add one, modifying Authors@R: c(person(given = "Solveig", family = "Pospiech", role = c("aut", "cre"), email = "s.pospiech@gmx.de"), person(given = "Wiebke", family = "Fahlbusch", role = "ctb")) as necessary. Flavors: r-devel-linux-x86_64-debian-clang, r-devel-linux-x86_64-debian-gcc

Version: 1.2.0
Check: LazyData
Result: NOTE 'LazyData' is specified without a 'data' directory Flavors: r-oldrel-macos-arm64, r-oldrel-macos-x86_64, r-oldrel-windows-x86_64