Last updated on 2025-10-24 04:51:05 CEST.
| Flavor | Version | Tinstall | Tcheck | Ttotal | Status | Flags |
|---|---|---|---|---|---|---|
| r-devel-linux-x86_64-debian-clang | 0.1.0 | 3.95 | 34.81 | 38.76 | OK | |
| r-devel-linux-x86_64-debian-gcc | 0.1.0 | 2.73 | 26.35 | 29.08 | OK | |
| r-devel-linux-x86_64-fedora-clang | 0.1.0 | 10.00 | 46.17 | 56.17 | NOTE | |
| r-devel-linux-x86_64-fedora-gcc | 0.1.0 | 52.36 | NOTE | |||
| r-devel-windows-x86_64 | 0.1.0 | 5.00 | 50.00 | 55.00 | OK | |
| r-patched-linux-x86_64 | 0.1.0 | 4.05 | 31.48 | 35.53 | OK | |
| r-release-linux-x86_64 | 0.1.0 | 3.20 | 31.43 | 34.63 | OK | |
| r-release-macos-arm64 | 0.1.0 | 2.00 | 20.00 | 22.00 | OK | |
| r-release-macos-x86_64 | 0.1.0 | 4.00 | 31.00 | 35.00 | OK | |
| r-release-windows-x86_64 | 0.1.0 | 8.00 | 52.00 | 60.00 | OK | |
| r-oldrel-macos-arm64 | 0.1.0 | 2.00 | 23.00 | 25.00 | NOTE | |
| r-oldrel-macos-x86_64 | 0.1.0 | 5.00 | 49.00 | 54.00 | NOTE | |
| r-oldrel-windows-x86_64 | 0.1.0 | 7.00 | 60.00 | 67.00 | NOTE |
Version: 0.1.0
Check: dependencies in R code
Result: NOTE
Namespace in Imports field not imported from: ‘tidyr’
All declared Imports should be used.
Flavors: r-devel-linux-x86_64-fedora-clang, r-devel-linux-x86_64-fedora-gcc
Version: 0.1.0
Check: LazyData
Result: NOTE
'LazyData' is specified without a 'data' directory
Flavors: r-oldrel-macos-arm64, r-oldrel-macos-x86_64, r-oldrel-windows-x86_64