Last updated on 2025-10-22 05:51:23 CEST.
Flavor | Version | Tinstall | Tcheck | Ttotal | Status | Flags |
---|---|---|---|---|---|---|
r-devel-linux-x86_64-debian-clang | 0.15.1 | 34.17 | 38.86 | 73.03 | NOTE | |
r-devel-linux-x86_64-debian-gcc | 0.15.1 | 24.50 | 29.23 | 53.73 | NOTE | |
r-devel-linux-x86_64-fedora-clang | 0.15.1 | 74.00 | 55.06 | 129.06 | OK | |
r-devel-linux-x86_64-fedora-gcc | 0.15.1 | 89.00 | 35.07 | 124.07 | OK | |
r-devel-windows-x86_64 | 0.15.1 | 44.00 | 79.00 | 123.00 | OK | |
r-patched-linux-x86_64 | 0.15.1 | 38.74 | 36.26 | 75.00 | OK | |
r-release-linux-x86_64 | 0.15.1 | 35.05 | 36.79 | 71.84 | OK | |
r-release-macos-arm64 | 0.15.1 | 16.00 | 22.00 | 38.00 | OK | |
r-release-macos-x86_64 | 0.15.1 | 24.00 | 38.00 | 62.00 | OK | |
r-release-windows-x86_64 | 0.15.1 | 44.00 | 82.00 | 126.00 | OK | |
r-oldrel-macos-arm64 | 0.15.1 | 12.00 | 25.00 | 37.00 | OK | |
r-oldrel-macos-x86_64 | 0.15.1 | 28.00 | 50.00 | 78.00 | OK | |
r-oldrel-windows-x86_64 | 0.15.1 | 51.00 | 92.00 | 143.00 | OK |
Version: 0.15.1
Check: HTML version of manual
Result: NOTE
Found the following HTML validation problems:
convert_to_native_raster.html:46:1 (convert_to_native_raster.Rd:10): Warning: missing </ul> before </div>
make_vignette_overlay.html:73:1 (make_vignette_overlay.Rd:27): Warning: missing </ul> before </div>
Flavors: r-devel-linux-x86_64-debian-clang, r-devel-linux-x86_64-debian-gcc