Last updated on 2025-10-22 05:51:23 CEST.
Flavor | Version | Tinstall | Tcheck | Ttotal | Status | Flags |
---|---|---|---|---|---|---|
r-devel-linux-x86_64-debian-clang | 0.3.0 | 6.20 | 66.34 | 72.54 | NOTE | |
r-devel-linux-x86_64-debian-gcc | 0.3.0 | 4.47 | 45.15 | 49.62 | NOTE | |
r-devel-linux-x86_64-fedora-clang | 0.3.0 | 27.00 | 84.27 | 111.27 | OK | |
r-devel-linux-x86_64-fedora-gcc | 0.3.0 | 15.00 | 86.12 | 101.12 | OK | |
r-devel-windows-x86_64 | 0.3.0 | 8.00 | 76.00 | 84.00 | OK | |
r-patched-linux-x86_64 | 0.3.0 | 7.62 | 58.59 | 66.21 | OK | |
r-release-linux-x86_64 | 0.3.0 | 7.09 | 58.96 | 66.05 | OK | |
r-release-macos-arm64 | 0.3.0 | 3.00 | 25.00 | 28.00 | OK | |
r-release-macos-x86_64 | 0.3.0 | 5.00 | 62.00 | 67.00 | OK | |
r-release-windows-x86_64 | 0.3.0 | 9.00 | 77.00 | 86.00 | OK | |
r-oldrel-macos-arm64 | 0.3.0 | 3.00 | 31.00 | 34.00 | OK | |
r-oldrel-macos-x86_64 | 0.3.0 | 6.00 | 55.00 | 61.00 | OK | |
r-oldrel-windows-x86_64 | 0.3.0 | 12.00 | 95.00 | 107.00 | OK |
Version: 0.3.0
Check: HTML version of manual
Result: NOTE
Found the following HTML validation problems:
get_est_vy.html:46:1 (get_est_vy.Rd:10): Warning: missing </ul> before </div>
Flavors: r-devel-linux-x86_64-debian-clang, r-devel-linux-x86_64-debian-gcc