Last updated on 2025-10-24 04:51:05 CEST.
| Flavor | Version | Tinstall | Tcheck | Ttotal | Status | Flags |
|---|---|---|---|---|---|---|
| r-devel-linux-x86_64-debian-clang | 0.1-2 | 3.95 | 39.74 | 43.69 | NOTE | |
| r-devel-linux-x86_64-debian-gcc | 0.1-2 | 3.01 | 30.29 | 33.30 | OK | |
| r-devel-linux-x86_64-fedora-clang | 0.1-2 | 14.00 | 50.38 | 64.38 | OK | |
| r-devel-linux-x86_64-fedora-gcc | 0.1-2 | 61.01 | OK | |||
| r-devel-windows-x86_64 | 0.1-2 | 7.00 | 67.00 | 74.00 | OK | |
| r-patched-linux-x86_64 | 0.1-2 | 6.80 | 37.18 | 43.98 | OK | |
| r-release-linux-x86_64 | 0.1-2 | 4.26 | 37.29 | 41.55 | OK | |
| r-release-macos-arm64 | 0.1-2 | 2.00 | 21.00 | 23.00 | OK | |
| r-release-macos-x86_64 | 0.1-2 | 4.00 | 34.00 | 38.00 | OK | |
| r-release-windows-x86_64 | 0.1-2 | 8.00 | 70.00 | 78.00 | OK | |
| r-oldrel-macos-arm64 | 0.1-2 | 2.00 | 19.00 | 21.00 | OK | |
| r-oldrel-macos-x86_64 | 0.1-2 | 4.00 | 31.00 | 35.00 | OK | |
| r-oldrel-windows-x86_64 | 0.1-2 | 9.00 | 84.00 | 93.00 | OK |
Version: 0.1-2
Check: HTML version of manual
Result: NOTE
Found the following HTML validation problems:
show-methods.html:56:1 (show-methods.Rd:21): Warning: missing </ul> before </div>
Flavor: r-devel-linux-x86_64-debian-clang