Last updated on 2025-10-22 05:51:23 CEST.
Flavor | Version | Tinstall | Tcheck | Ttotal | Status | Flags |
---|---|---|---|---|---|---|
r-devel-linux-x86_64-debian-clang | 1.3.1 | 399.10 | 208.80 | 607.90 | NOTE | |
r-devel-linux-x86_64-debian-gcc | 1.3.1 | 294.39 | 173.45 | 467.84 | NOTE | |
r-devel-linux-x86_64-fedora-clang | 1.3.1 | 720.00 | 172.72 | 892.72 | OK | |
r-devel-linux-x86_64-fedora-gcc | 1.3.1 | 960.00 | 151.09 | 1111.09 | OK | |
r-devel-windows-x86_64 | 1.3.1 | 393.00 | 247.00 | 640.00 | OK | |
r-patched-linux-x86_64 | 1.3.1 | 402.86 | 235.31 | 638.17 | OK | |
r-release-linux-x86_64 | 1.3.1 | 400.17 | 233.89 | 634.06 | OK | |
r-release-macos-arm64 | 1.3.1 | 170.00 | 52.00 | 222.00 | OK | |
r-release-macos-x86_64 | 1.3.1 | 315.00 | 159.00 | 474.00 | OK | |
r-release-windows-x86_64 | 1.3.1 | 376.00 | 248.00 | 624.00 | OK | |
r-oldrel-macos-arm64 | 1.3.1 | 194.00 | 91.00 | 285.00 | NOTE | |
r-oldrel-macos-x86_64 | 1.3.1 | 323.00 | 245.00 | 568.00 | NOTE | |
r-oldrel-windows-x86_64 | 1.3.1 | 449.00 | 311.00 | 760.00 | NOTE |
Version: 1.3.1
Check: HTML version of manual
Result: NOTE
Found the following HTML validation problems:
rmMessWarn.html:47:1 (rmMessWarn.Rd:10): Warning: missing </ul> before </div>
Flavors: r-devel-linux-x86_64-debian-clang, r-devel-linux-x86_64-debian-gcc
Version: 1.3.1
Check: installed package size
Result: NOTE
installed size is 66.2Mb
sub-directories of 1Mb or more:
libs 65.5Mb
Flavors: r-oldrel-macos-arm64, r-oldrel-macos-x86_64
Version: 1.3.1
Check: for GNU extensions in Makefiles
Result: NOTE
GNU make is a SystemRequirements.
Flavors: r-oldrel-macos-arm64, r-oldrel-macos-x86_64, r-oldrel-windows-x86_64