CRAN Package Check Results for Package rcontroll

Last updated on 2025-10-22 05:51:23 CEST.

Flavor Version Tinstall Tcheck Ttotal Status Flags
r-devel-linux-x86_64-debian-clang 0.1.2 51.74 351.15 402.89 NOTE
r-devel-linux-x86_64-debian-gcc 0.1.2 33.27 229.23 262.50 NOTE
r-devel-linux-x86_64-fedora-clang 0.1.2 107.00 526.44 633.44 OK
r-devel-linux-x86_64-fedora-gcc 0.1.2 108.00 526.10 634.10 OK
r-devel-windows-x86_64 0.1.2 53.00 413.00 466.00 OK
r-patched-linux-x86_64 0.1.2 51.25 334.56 385.81 OK
r-release-linux-x86_64 0.1.2 47.69 332.95 380.64 OK
r-release-macos-arm64 0.1.2 24.00 131.00 155.00 OK
r-release-macos-x86_64 0.1.2 45.00 333.00 378.00 OK
r-release-windows-x86_64 0.1.2 55.00 413.00 468.00 OK
r-oldrel-macos-arm64 0.1.2 22.00 123.00 145.00 NOTE
r-oldrel-macos-x86_64 0.1.2 39.00 192.00 231.00 NOTE
r-oldrel-windows-x86_64 0.1.2 71.00 531.00 602.00 OK

Check Details

Version: 0.1.2
Check: HTML version of manual
Result: NOTE Found the following HTML validation problems: option.rcontroll.html:47:1 (option.rcontroll.Rd:11): Warning: missing </ul> before </div> Flavors: r-devel-linux-x86_64-debian-clang, r-devel-linux-x86_64-debian-gcc

Version: 0.1.2
Check: installed package size
Result: NOTE installed size is 7.4Mb sub-directories of 1Mb or more: libs 4.9Mb Flavors: r-oldrel-macos-arm64, r-oldrel-macos-x86_64