Last updated on 2025-10-22 05:51:24 CEST.
Flavor | Version | Tinstall | Tcheck | Ttotal | Status | Flags |
---|---|---|---|---|---|---|
r-devel-linux-x86_64-debian-clang | 0.4.19 | 6.14 | 130.76 | 136.90 | NOTE | |
r-devel-linux-x86_64-debian-gcc | 0.4.19 | 4.73 | 80.45 | 85.18 | NOTE | |
r-devel-linux-x86_64-fedora-clang | 0.4.19 | 13.00 | 173.42 | 186.42 | OK | |
r-devel-linux-x86_64-fedora-gcc | 0.4.19 | 12.00 | 179.51 | 191.51 | OK | |
r-devel-windows-x86_64 | 0.4.19 | 9.00 | 257.00 | 266.00 | OK | |
r-patched-linux-x86_64 | 0.4.19 | 5.91 | 119.19 | 125.10 | OK | |
r-release-linux-x86_64 | 0.4.19 | 5.33 | 120.79 | 126.12 | OK | |
r-release-macos-arm64 | 0.4.19 | 2.00 | 67.00 | 69.00 | OK | |
r-release-macos-x86_64 | 0.4.19 | 7.00 | 150.00 | 157.00 | OK | |
r-release-windows-x86_64 | 0.4.19 | 8.00 | 265.00 | 273.00 | OK | |
r-oldrel-macos-arm64 | 0.4.19 | 3.00 | 91.00 | 94.00 | OK | |
r-oldrel-macos-x86_64 | 0.4.19 | 6.00 | 155.00 | 161.00 | OK | |
r-oldrel-windows-x86_64 | 0.4.19 | 11.00 | 315.00 | 326.00 | OK |
Version: 0.4.19
Check: HTML version of manual
Result: NOTE
Found the following HTML validation problems:
check_lfs_grossflows.html:48:1 (check_lfs_grossflows.Rd:11): Warning: missing </ul> before </div>
extract_abs_sheets.html:63:1 (extract_abs_sheets.Rd:21): Warning: missing </ul> before </div>
fast_str_squish.html:46:1 (fast_str_squish.Rd:10): Warning: missing </ul> before </div>
tidy_abs_list.html:53:1 (tidy_abs_list.Rd:15): Warning: missing </ul> before </div>
tidy_awe.html:46:1 (tidy_awe.Rd:10): Warning: missing </ul> before </div>
Flavors: r-devel-linux-x86_64-debian-clang, r-devel-linux-x86_64-debian-gcc