Last updated on 2025-10-22 05:51:24 CEST.
Flavor | Version | Tinstall | Tcheck | Ttotal | Status | Flags |
---|---|---|---|---|---|---|
r-devel-linux-x86_64-debian-clang | 0.1.12 | 5.02 | 78.66 | 83.68 | NOTE | |
r-devel-linux-x86_64-debian-gcc | 0.1.12 | 3.57 | 56.09 | 59.66 | NOTE | |
r-devel-linux-x86_64-fedora-clang | 0.1.12 | 10.00 | 117.18 | 127.18 | OK | |
r-devel-linux-x86_64-fedora-gcc | 0.1.12 | 134.28 | OK | |||
r-devel-windows-x86_64 | 0.1.12 | 7.00 | 85.00 | 92.00 | OK | |
r-patched-linux-x86_64 | 0.1.12 | 4.99 | 72.91 | 77.90 | OK | |
r-release-linux-x86_64 | 0.1.12 | 4.13 | 72.99 | 77.12 | OK | |
r-release-macos-arm64 | 0.1.12 | 3.00 | 85.00 | 88.00 | OK | |
r-release-macos-x86_64 | 0.1.12 | 5.00 | 80.00 | 85.00 | OK | |
r-release-windows-x86_64 | 0.1.12 | 7.00 | 87.00 | 94.00 | OK | |
r-oldrel-macos-arm64 | 0.1.12 | 3.00 | 49.00 | 52.00 | OK | |
r-oldrel-macos-x86_64 | 0.1.12 | 4.00 | 82.00 | 86.00 | OK | |
r-oldrel-windows-x86_64 | 0.1.12 | 8.00 | 104.00 | 112.00 | OK |
Version: 0.1.12
Check: HTML version of manual
Result: NOTE
Found the following HTML validation problems:
read_excel_noguess.html:52:1 (read_excel_noguess.Rd:13): Warning: missing </ul> before </div>
tables_from_seriesid.html:46:1 (tables_from_seriesid.Rd:10): Warning: missing </ul> before </div>
Flavors: r-devel-linux-x86_64-debian-clang, r-devel-linux-x86_64-debian-gcc