CRAN Package Check Results for Package recombinator

Last updated on 2025-10-22 05:51:24 CEST.

Flavor Version Tinstall Tcheck Ttotal Status Flags
r-devel-linux-x86_64-debian-clang 1.0.1 1.75 23.24 24.99 NOTE
r-devel-linux-x86_64-debian-gcc 1.0.1 1.36 19.46 20.82 NOTE
r-devel-linux-x86_64-fedora-clang 1.0.1 34.59 NOTE
r-devel-linux-x86_64-fedora-gcc 1.0.1 35.06 NOTE
r-devel-windows-x86_64 1.0.1 3.00 42.00 45.00 NOTE
r-patched-linux-x86_64 1.0.1 1.78 21.13 22.91 NOTE
r-release-linux-x86_64 1.0.1 1.79 20.68 22.47 NOTE
r-release-macos-arm64 1.0.1 1.00 13.00 14.00 NOTE
r-release-macos-x86_64 1.0.1 2.00 21.00 23.00 NOTE
r-release-windows-x86_64 1.0.1 4.00 42.00 46.00 NOTE
r-oldrel-macos-arm64 1.0.1 1.00 14.00 15.00 NOTE
r-oldrel-macos-x86_64 1.0.1 1.00 22.00 23.00 NOTE
r-oldrel-windows-x86_64 1.0.1 4.00 45.00 49.00 NOTE

Check Details

Version: 1.0.1
Check: Rd files
Result: NOTE checkRd: (-1) recombinator.Rd:32-34: Lost braces in \enumerate; meant \describe ? checkRd: (-1) recombinator.Rd:35-38: Lost braces in \enumerate; meant \describe ? Flavors: r-devel-linux-x86_64-debian-clang, r-devel-linux-x86_64-debian-gcc, r-devel-linux-x86_64-fedora-clang, r-devel-linux-x86_64-fedora-gcc, r-devel-windows-x86_64, r-patched-linux-x86_64, r-release-linux-x86_64, r-release-macos-arm64, r-release-macos-x86_64, r-release-windows-x86_64, r-oldrel-macos-arm64, r-oldrel-macos-x86_64, r-oldrel-windows-x86_64

Version: 1.0.1
Check: LazyData
Result: NOTE 'LazyData' is specified without a 'data' directory Flavors: r-oldrel-macos-arm64, r-oldrel-macos-x86_64, r-oldrel-windows-x86_64