CRAN Package Check Results for Package recometrics

Last updated on 2025-07-21 08:50:14 CEST.

Flavor Version Tinstall Tcheck Ttotal Status Flags
r-devel-linux-x86_64-debian-clang 0.1.6-3 30.14 93.51 123.65 NOTE
r-devel-linux-x86_64-debian-gcc 0.1.6-3 21.02 69.97 90.99 NOTE
r-devel-linux-x86_64-fedora-clang 0.1.6-3 199.38 OK
r-devel-linux-x86_64-fedora-gcc 0.1.6-3 203.55 OK
r-devel-windows-x86_64 0.1.6-3 35.00 119.00 154.00 OK
r-patched-linux-x86_64 0.1.6-3 29.04 89.57 118.61 OK
r-release-linux-x86_64 0.1.6-3 29.58 89.81 119.39 OK
r-release-macos-arm64 0.1.6-3 70.00 OK
r-release-macos-x86_64 0.1.6-3 121.00 OK
r-release-windows-x86_64 0.1.6-3 35.00 124.00 159.00 OK
r-oldrel-macos-arm64 0.1.6-3 61.00 OK
r-oldrel-macos-x86_64 0.1.6-3 96.00 OK
r-oldrel-windows-x86_64 0.1.6-3 42.00 147.00 189.00 OK

Additional issues

Intel

Check Details

Version: 0.1.6-3
Check: CRAN incoming feasibility
Result: NOTE Maintainer: ‘David Cortes <david.cortes.rivera@gmail.com>’ No Authors@R field in DESCRIPTION. Please add one, modifying Authors@R: person(given = "David", family = "Cortes", role = c("aut", "cre"), email = "david.cortes.rivera@gmail.com") as necessary. Flavors: r-devel-linux-x86_64-debian-clang, r-devel-linux-x86_64-debian-gcc