Last updated on 2025-10-22 05:51:24 CEST.
Flavor | Version | Tinstall | Tcheck | Ttotal | Status | Flags |
---|---|---|---|---|---|---|
r-devel-linux-x86_64-debian-clang | 1.0.0 | 10.16 | 112.63 | 122.79 | NOTE | |
r-devel-linux-x86_64-debian-gcc | 1.0.0 | 7.46 | 77.25 | 84.71 | NOTE | |
r-devel-linux-x86_64-fedora-clang | 1.0.0 | 77.00 | 112.59 | 189.59 | NOTE | |
r-devel-linux-x86_64-fedora-gcc | 1.0.0 | 21.00 | 163.80 | 184.80 | NOTE | |
r-devel-windows-x86_64 | 1.0.0 | 14.00 | 108.00 | 122.00 | NOTE | |
r-patched-linux-x86_64 | 1.0.0 | 9.92 | 100.62 | 110.54 | NOTE | |
r-release-linux-x86_64 | 1.0.0 | 9.52 | 102.45 | 111.97 | NOTE | |
r-release-macos-arm64 | 1.0.0 | 4.00 | 44.00 | 48.00 | NOTE | |
r-release-macos-x86_64 | 1.0.0 | 13.00 | 99.00 | 112.00 | NOTE | |
r-release-windows-x86_64 | 1.0.0 | 11.00 | 109.00 | 120.00 | NOTE | |
r-oldrel-macos-arm64 | 1.0.0 | 4.00 | 51.00 | 55.00 | NOTE | |
r-oldrel-macos-x86_64 | 1.0.0 | 7.00 | 85.00 | 92.00 | NOTE | |
r-oldrel-windows-x86_64 | 1.0.0 | 18.00 | 137.00 | 155.00 | NOTE |
Version: 1.0.0
Check: Rd files
Result: NOTE
checkRd: (-1) pseudo.geefit.Rd:17: Lost braces in \itemize; \value handles \item{}{} directly
checkRd: (-1) pseudo.geefit.Rd:18: Lost braces in \itemize; \value handles \item{}{} directly
checkRd: (-1) pseudo.onedim.Rd:27: Lost braces in \itemize; \value handles \item{}{} directly
checkRd: (-1) pseudo.onedim.Rd:28: Lost braces in \itemize; \value handles \item{}{} directly
checkRd: (-1) pseudo.onedim.Rd:29: Lost braces in \itemize; \value handles \item{}{} directly
checkRd: (-1) pseudo.onedim.Rd:30: Lost braces in \itemize; \value handles \item{}{} directly
checkRd: (-1) pseudo.onedim.Rd:31: Lost braces in \itemize; \value handles \item{}{} directly
checkRd: (-1) pseudo.threedim.Rd:29: Lost braces in \itemize; \value handles \item{}{} directly
checkRd: (-1) pseudo.threedim.Rd:30: Lost braces in \itemize; \value handles \item{}{} directly
checkRd: (-1) pseudo.threedim.Rd:31: Lost braces in \itemize; \value handles \item{}{} directly
checkRd: (-1) pseudo.threedim.Rd:32: Lost braces in \itemize; \value handles \item{}{} directly
checkRd: (-1) pseudo.threedim.Rd:33: Lost braces in \itemize; \value handles \item{}{} directly
checkRd: (-1) pseudo.twodim.Rd:27: Lost braces in \itemize; \value handles \item{}{} directly
checkRd: (-1) pseudo.twodim.Rd:28: Lost braces in \itemize; \value handles \item{}{} directly
checkRd: (-1) pseudo.twodim.Rd:29: Lost braces in \itemize; \value handles \item{}{} directly
checkRd: (-1) pseudo.twodim.Rd:30: Lost braces in \itemize; \value handles \item{}{} directly
checkRd: (-1) pseudo.twodim.Rd:31: Lost braces in \itemize; \value handles \item{}{} directly
Flavors: r-devel-linux-x86_64-debian-clang, r-devel-linux-x86_64-debian-gcc, r-devel-linux-x86_64-fedora-clang, r-devel-linux-x86_64-fedora-gcc, r-devel-windows-x86_64, r-patched-linux-x86_64, r-release-linux-x86_64, r-release-macos-arm64, r-release-macos-x86_64, r-release-windows-x86_64, r-oldrel-macos-arm64, r-oldrel-macos-x86_64, r-oldrel-windows-x86_64