Last updated on 2025-10-24 04:51:06 CEST.
| Flavor | Version | Tinstall | Tcheck | Ttotal | Status | Flags |
|---|---|---|---|---|---|---|
| r-devel-linux-x86_64-debian-clang | 1.0.0 | 2.75 | 32.58 | 35.33 | OK | |
| r-devel-linux-x86_64-debian-gcc | 1.0.0 | 2.41 | 25.42 | 27.83 | OK | |
| r-devel-linux-x86_64-fedora-clang | 1.0.0 | 51.44 | OK | |||
| r-devel-linux-x86_64-fedora-gcc | 1.0.0 | 49.09 | OK | |||
| r-devel-windows-x86_64 | 1.0.0 | 5.00 | 55.00 | 60.00 | OK | |
| r-patched-linux-x86_64 | 1.0.0 | 3.13 | 29.99 | 33.12 | OK | |
| r-release-linux-x86_64 | 1.0.0 | 3.18 | 29.99 | 33.17 | OK | |
| r-release-macos-arm64 | 1.0.0 | 2.00 | 23.00 | 25.00 | OK | |
| r-release-macos-x86_64 | 1.0.0 | 2.00 | 30.00 | 32.00 | OK | |
| r-release-windows-x86_64 | 1.0.0 | 6.00 | 55.00 | 61.00 | OK | |
| r-oldrel-macos-arm64 | 1.0.0 | 2.00 | 18.00 | 20.00 | NOTE | |
| r-oldrel-macos-x86_64 | 1.0.0 | 2.00 | 31.00 | 33.00 | NOTE | |
| r-oldrel-windows-x86_64 | 1.0.0 | 7.00 | 61.00 | 68.00 | NOTE |
Version: 1.0.0
Check: LazyData
Result: NOTE
'LazyData' is specified without a 'data' directory
Flavors: r-oldrel-macos-arm64, r-oldrel-macos-x86_64, r-oldrel-windows-x86_64