CRAN Package Check Results for Package regions

Last updated on 2025-10-22 05:51:24 CEST.

Flavor Version Tinstall Tcheck Ttotal Status Flags
r-devel-linux-x86_64-debian-clang 0.1.8 8.58 80.94 89.52 NOTE
r-devel-linux-x86_64-debian-gcc 0.1.8 5.20 57.68 62.88 NOTE
r-devel-linux-x86_64-fedora-clang 0.1.8 19.00 111.76 130.76 NOTE
r-devel-linux-x86_64-fedora-gcc 0.1.8 18.00 122.15 140.15 NOTE
r-devel-windows-x86_64 0.1.8 11.00 101.00 112.00 NOTE
r-patched-linux-x86_64 0.1.8 8.49 74.65 83.14 NOTE
r-release-linux-x86_64 0.1.8 8.12 74.25 82.37 NOTE
r-release-macos-arm64 0.1.8 5.00 46.00 51.00 NOTE
r-release-macos-x86_64 0.1.8 9.00 88.00 97.00 NOTE
r-release-windows-x86_64 0.1.8 13.00 98.00 111.00 NOTE
r-oldrel-macos-arm64 0.1.8 4.00 45.00 49.00 NOTE
r-oldrel-macos-x86_64 0.1.8 9.00 73.00 82.00 NOTE
r-oldrel-windows-x86_64 0.1.8 15.00 122.00 137.00 NOTE

Check Details

Version: 0.1.8
Check: CRAN incoming feasibility
Result: NOTE Maintainer: ‘Daniel Antal <daniel.antal@ceemid.eu>’ The BugReports field in DESCRIPTION has https://github.com/rOpenGov/regions which should likely be https://github.com/rOpenGov/regions/issues instead. Flavors: r-devel-linux-x86_64-debian-clang, r-devel-linux-x86_64-debian-gcc

Version: 0.1.8
Check: Rd files
Result: NOTE checkRd: (-1) impute_down_nuts.Rd:21: Lost braces 21 | NUTS typologies, defaults to code{"geo_var".}} | ^ checkRd: (-1) validate_data_frame.Rd:19: Lost braces 19 | NUTS typologies, defaults to code{"geo_var".}} | ^ Flavors: r-devel-linux-x86_64-debian-clang, r-devel-linux-x86_64-debian-gcc, r-devel-linux-x86_64-fedora-clang, r-devel-linux-x86_64-fedora-gcc, r-devel-windows-x86_64, r-patched-linux-x86_64, r-release-linux-x86_64, r-release-macos-arm64, r-release-macos-x86_64, r-release-windows-x86_64, r-oldrel-macos-arm64, r-oldrel-macos-x86_64, r-oldrel-windows-x86_64