Last updated on 2025-10-24 04:51:06 CEST.
| Flavor | Version | Tinstall | Tcheck | Ttotal | Status | Flags |
|---|---|---|---|---|---|---|
| r-devel-linux-x86_64-debian-clang | 1.0.1 | 1.78 | 20.75 | 22.53 | OK | |
| r-devel-linux-x86_64-debian-gcc | 1.0.1 | 1.52 | 16.68 | 18.20 | OK | |
| r-devel-linux-x86_64-fedora-clang | 1.0.1 | 33.12 | OK | |||
| r-devel-linux-x86_64-fedora-gcc | 1.0.1 | 32.00 | OK | |||
| r-devel-windows-x86_64 | 1.0.1 | 3.00 | 42.00 | 45.00 | OK | |
| r-patched-linux-x86_64 | 1.0.1 | 2.09 | 19.63 | 21.72 | OK | |
| r-release-linux-x86_64 | 1.0.1 | 1.86 | 19.66 | 21.52 | OK | |
| r-release-macos-arm64 | 1.0.1 | 1.00 | 12.00 | 13.00 | OK | |
| r-release-macos-x86_64 | 1.0.1 | 2.00 | 21.00 | 23.00 | OK | |
| r-release-windows-x86_64 | 1.0.1 | 3.00 | 41.00 | 44.00 | OK | |
| r-oldrel-macos-arm64 | 1.0.1 | 1.00 | 13.00 | 14.00 | NOTE | |
| r-oldrel-macos-x86_64 | 1.0.1 | 2.00 | 18.00 | 20.00 | NOTE | |
| r-oldrel-windows-x86_64 | 1.0.1 | 3.00 | 46.00 | 49.00 | NOTE |
Version: 1.0.1
Check: LazyData
Result: NOTE
'LazyData' is specified without a 'data' directory
Flavors: r-oldrel-macos-arm64, r-oldrel-macos-x86_64, r-oldrel-windows-x86_64