Last updated on 2025-10-22 05:51:24 CEST.
Flavor | Version | Tinstall | Tcheck | Ttotal | Status | Flags |
---|---|---|---|---|---|---|
r-devel-linux-x86_64-debian-clang | 2.1.2 | 15.76 | 246.05 | 261.81 | NOTE | |
r-devel-linux-x86_64-debian-gcc | 2.1.2 | 10.04 | 164.58 | 174.62 | NOTE | |
r-devel-linux-x86_64-fedora-clang | 2.1.2 | 34.00 | 358.34 | 392.34 | OK | |
r-devel-linux-x86_64-fedora-gcc | 2.1.2 | 36.00 | 367.93 | 403.93 | OK | |
r-devel-windows-x86_64 | 2.1.2 | 17.00 | 258.00 | 275.00 | OK | |
r-patched-linux-x86_64 | 2.1.2 | 17.61 | 231.58 | 249.19 | OK | |
r-release-linux-x86_64 | 2.1.2 | 15.29 | 230.38 | 245.67 | OK | |
r-release-macos-arm64 | 2.1.2 | 7.00 | 108.00 | 115.00 | OK | |
r-release-macos-x86_64 | 2.1.2 | 15.00 | 211.00 | 226.00 | OK | |
r-release-windows-x86_64 | 2.1.2 | 18.00 | 256.00 | 274.00 | OK | |
r-oldrel-macos-arm64 | 2.1.2 | 7.00 | 89.00 | 96.00 | OK | |
r-oldrel-macos-x86_64 | 2.1.2 | 19.00 | 217.00 | 236.00 | OK | |
r-oldrel-windows-x86_64 | 2.1.2 | 26.00 | 353.00 | 379.00 | OK |
Version: 2.1.2
Check: HTML version of manual
Result: NOTE
Found the following HTML validation problems:
Cache.html:325:1 (Cache.Rd:231): Warning: <h3> anchor "quick" already defined
checkRelative.html:73:1 (checkRelative.Rd:28): Warning: missing </ul> before </div>
cloudDownload.html:95:1 (cloudDownload.Rd:45): Warning: missing </ul> before </div>
cloudUploadFromCache.html:91:1 (cloudUploadFromCache.Rd:43): Warning: missing </ul> before </div>
dot-removeCacheAtts.html:46:1 (dot-removeCacheAtts.Rd:10): Warning: missing </ul> before </div>
downloadRemote.html:162:1 (downloadRemote.Rd:98): Warning: missing </ul> before </div>
guessAtTarget.html:57:1 (guessAtTarget.Rd:20): Warning: missing </ul> before </div>
purge.html:113:1 (purge.Rd:65): Warning: missing </ul> before </div>
remapFilenames.html:59:1 (remapFilenames.Rd:16): Warning: missing </ul> before </div>
Flavors: r-devel-linux-x86_64-debian-clang, r-devel-linux-x86_64-debian-gcc