Last updated on 2025-10-22 05:51:24 CEST.
Flavor | Version | Tinstall | Tcheck | Ttotal | Status | Flags |
---|---|---|---|---|---|---|
r-devel-linux-x86_64-debian-clang | 0.0.5 | 4.08 | 41.70 | 45.78 | NOTE | |
r-devel-linux-x86_64-debian-gcc | 0.0.5 | 2.67 | 31.36 | 34.03 | NOTE | |
r-devel-linux-x86_64-fedora-clang | 0.0.5 | 65.67 | OK | |||
r-devel-linux-x86_64-fedora-gcc | 0.0.5 | 13.00 | 53.46 | 66.46 | OK | |
r-devel-windows-x86_64 | 0.0.5 | 7.00 | 60.00 | 67.00 | OK | |
r-patched-linux-x86_64 | 0.0.5 | 3.98 | 38.59 | 42.57 | OK | |
r-release-linux-x86_64 | 0.0.5 | 3.59 | 37.90 | 41.49 | OK | |
r-release-macos-arm64 | 0.0.5 | 2.00 | 22.00 | 24.00 | OK | |
r-release-macos-x86_64 | 0.0.5 | 4.00 | 38.00 | 42.00 | OK | |
r-release-windows-x86_64 | 0.0.5 | 6.00 | 63.00 | 69.00 | OK | |
r-oldrel-macos-arm64 | 0.0.5 | 2.00 | 19.00 | 21.00 | OK | |
r-oldrel-macos-x86_64 | 0.0.5 | 3.00 | 29.00 | 32.00 | OK | |
r-oldrel-windows-x86_64 | 0.0.5 | 7.00 | 70.00 | 77.00 | OK |
Version: 0.0.5
Check: HTML version of manual
Result: NOTE
Found the following HTML validation problems:
resumer.html:101:1 (resumer.Rd:45): Warning: missing </ul> before </div>
Flavors: r-devel-linux-x86_64-debian-clang, r-devel-linux-x86_64-debian-gcc