Last updated on 2025-10-22 05:51:24 CEST.
Flavor | Version | Tinstall | Tcheck | Ttotal | Status | Flags |
---|---|---|---|---|---|---|
r-devel-linux-x86_64-debian-clang | 0.1.0 | 10.32 | 115.16 | 125.48 | NOTE | |
r-devel-linux-x86_64-debian-gcc | 0.1.0 | 8.55 | 90.66 | 99.21 | NOTE | |
r-devel-linux-x86_64-fedora-clang | 0.1.0 | 25.00 | 161.18 | 186.18 | OK | |
r-devel-linux-x86_64-fedora-gcc | 0.1.0 | 55.00 | 133.36 | 188.36 | OK | |
r-devel-windows-x86_64 | 0.1.0 | 13.00 | 124.00 | 137.00 | OK | |
r-patched-linux-x86_64 | 0.1.0 | 9.41 | 111.07 | 120.48 | OK | |
r-release-linux-x86_64 | 0.1.0 | 9.68 | 110.75 | 120.43 | OK | |
r-release-macos-arm64 | 0.1.0 | 5.00 | 57.00 | 62.00 | OK | |
r-release-macos-x86_64 | 0.1.0 | 8.00 | 110.00 | 118.00 | OK | |
r-release-windows-x86_64 | 0.1.0 | 12.00 | 124.00 | 136.00 | OK | |
r-oldrel-macos-arm64 | 0.1.0 | 5.00 | 58.00 | 63.00 | OK | |
r-oldrel-macos-x86_64 | 0.1.0 | 10.00 | 104.00 | 114.00 | OK | |
r-oldrel-windows-x86_64 | 0.1.0 | 19.00 | 153.00 | 172.00 | OK |
Version: 0.1.0
Check: HTML version of manual
Result: NOTE
Found the following HTML validation problems:
extract_refs.html:46:1 (extract_refs.Rd:10): Warning: missing </ul> before </div>
extract_sections.html:50:1 (extract_sections.Rd:12): Warning: missing </ul> before </div>
read_docx.html:46:1 (read_docx.Rd:10): Warning: missing </ul> before </div>
read_md.html:46:1 (read_md.Rd:10): Warning: missing </ul> before </div>
Flavors: r-devel-linux-x86_64-debian-clang, r-devel-linux-x86_64-debian-gcc