Last updated on 2025-10-24 04:51:06 CEST.
| Flavor | Version | Tinstall | Tcheck | Ttotal | Status | Flags |
|---|---|---|---|---|---|---|
| r-devel-linux-x86_64-debian-clang | 0.0.3 | 4.85 | 38.58 | 43.43 | OK | |
| r-devel-linux-x86_64-debian-gcc | 0.0.3 | 3.21 | 29.67 | 32.88 | OK | |
| r-devel-linux-x86_64-fedora-clang | 0.0.3 | 12.00 | 52.04 | 64.04 | OK | |
| r-devel-linux-x86_64-fedora-gcc | 0.0.3 | 14.00 | 50.17 | 64.17 | OK | |
| r-devel-windows-x86_64 | 0.0.3 | 5.00 | 59.00 | 64.00 | OK | |
| r-patched-linux-x86_64 | 0.0.3 | 4.81 | 36.52 | 41.33 | OK | |
| r-release-linux-x86_64 | 0.0.3 | 3.39 | 36.53 | 39.92 | OK | |
| r-release-macos-arm64 | 0.0.3 | 2.00 | 23.00 | 25.00 | OK | |
| r-release-macos-x86_64 | 0.0.3 | 4.00 | 38.00 | 42.00 | OK | |
| r-release-windows-x86_64 | 0.0.3 | 6.00 | 60.00 | 66.00 | OK | |
| r-oldrel-macos-arm64 | 0.0.3 | 2.00 | 21.00 | 23.00 | NOTE | |
| r-oldrel-macos-x86_64 | 0.0.3 | 3.00 | 29.00 | 32.00 | NOTE | |
| r-oldrel-windows-x86_64 | 0.0.3 | 7.00 | 68.00 | 75.00 | NOTE |
Version: 0.0.3
Check: LazyData
Result: NOTE
'LazyData' is specified without a 'data' directory
Flavors: r-oldrel-macos-arm64, r-oldrel-macos-x86_64, r-oldrel-windows-x86_64