CRAN Package Check Results for Package rex

Last updated on 2025-10-22 05:51:24 CEST.

Flavor Version Tinstall Tcheck Ttotal Status Flags
r-devel-linux-x86_64-debian-clang 1.2.1 2.20 36.13 38.33 NOTE
r-devel-linux-x86_64-debian-gcc 1.2.1 1.66 28.43 30.09 NOTE
r-devel-linux-x86_64-fedora-clang 1.2.1 56.38 OK
r-devel-linux-x86_64-fedora-gcc 1.2.1 72.17 OK
r-devel-windows-x86_64 1.2.1 3.00 56.00 59.00 OK
r-patched-linux-x86_64 1.2.1 2.60 34.04 36.64 OK
r-release-linux-x86_64 1.2.1 1.75 32.97 34.72 OK
r-release-macos-arm64 1.2.1 1.00 27.00 28.00 OK
r-release-macos-x86_64 1.2.1 2.00 49.00 51.00 OK
r-release-windows-x86_64 1.2.1 4.00 56.00 60.00 OK
r-oldrel-macos-arm64 1.2.1 1.00 28.00 29.00 OK
r-oldrel-macos-x86_64 1.2.1 2.00 50.00 52.00 OK
r-oldrel-windows-x86_64 1.2.1 3.00 65.00 68.00 OK

Check Details

Version: 1.2.1
Check: HTML version of manual
Result: NOTE Found the following HTML validation problems: register_shortcuts.html:48:1 (register_shortcuts.Rd:10): Warning: missing </ul> before </div> Flavors: r-devel-linux-x86_64-debian-clang, r-devel-linux-x86_64-debian-gcc