Last updated on 2025-10-22 05:51:25 CEST.
Flavor | Version | Tinstall | Tcheck | Ttotal | Status | Flags |
---|---|---|---|---|---|---|
r-devel-linux-x86_64-debian-clang | 0.3.0 | 3.50 | 35.96 | 39.46 | NOTE | |
r-devel-linux-x86_64-debian-gcc | 0.3.0 | 2.54 | 27.91 | 30.45 | NOTE | |
r-devel-linux-x86_64-fedora-clang | 0.3.0 | 58.22 | OK | |||
r-devel-linux-x86_64-fedora-gcc | 0.3.0 | 18.00 | 39.50 | 57.50 | OK | |
r-devel-windows-x86_64 | 0.3.0 | 6.00 | 51.00 | 57.00 | OK | |
r-patched-linux-x86_64 | 0.3.0 | 3.41 | 32.32 | 35.73 | OK | |
r-release-linux-x86_64 | 0.3.0 | 3.74 | 32.12 | 35.86 | OK | |
r-release-macos-arm64 | 0.3.0 | 2.00 | 20.00 | 22.00 | OK | |
r-release-macos-x86_64 | 0.3.0 | 5.00 | 46.00 | 51.00 | OK | |
r-release-windows-x86_64 | 0.3.0 | 5.00 | 53.00 | 58.00 | OK | |
r-oldrel-macos-arm64 | 0.3.0 | 2.00 | 18.00 | 20.00 | OK | |
r-oldrel-macos-x86_64 | 0.3.0 | 3.00 | 28.00 | 31.00 | OK | |
r-oldrel-windows-x86_64 | 0.3.0 | 7.00 | 61.00 | 68.00 | OK |
Version: 0.3.0
Check: HTML version of manual
Result: NOTE
Found the following HTML validation problems:
gn_debug.html:46:1 (gn_debug.Rd:10): Warning: missing </ul> before </div>
install_gnparser.html:79:1 (install_gnparser.Rd:19): Warning: missing </ul> before </div>
Flavors: r-devel-linux-x86_64-debian-clang, r-devel-linux-x86_64-debian-gcc