CRAN Package Check Results for Package ridge

Last updated on 2025-10-22 05:51:25 CEST.

Flavor Version Tinstall Tcheck Ttotal Status Flags
r-devel-linux-x86_64-debian-clang 3.3 9.84 39.71 49.55 NOTE
r-devel-linux-x86_64-debian-gcc 3.3 7.61 32.62 40.23 NOTE
r-devel-linux-x86_64-fedora-clang 3.3 24.00 53.42 77.42 OK
r-devel-linux-x86_64-fedora-gcc 3.3 35.00 43.03 78.03 OK
r-devel-windows-x86_64 3.3 15.00 69.00 84.00 OK
r-patched-linux-x86_64 3.3 9.30 42.84 52.14 OK
r-release-linux-x86_64 3.3 8.79 42.66 51.45 OK
r-release-macos-arm64 3.3 12.00 29.00 41.00 OK
r-release-macos-x86_64 3.3 17.00 42.00 59.00 OK
r-release-windows-x86_64 3.3 15.00 72.00 87.00 OK
r-oldrel-macos-arm64 3.3 10.00 23.00 33.00 OK
r-oldrel-macos-x86_64 3.3 11.00 35.00 46.00 OK
r-oldrel-windows-x86_64 3.3 16.00 84.00 100.00 OK

Check Details

Version: 3.3
Check: CRAN incoming feasibility
Result: NOTE Maintainer: ‘Steffen Moritz <steffen.moritz10@gmail.com>’ Package CITATION file contains call(s) to old-style personList() or as.personList(). Please use c() on person objects instead. Flavors: r-devel-linux-x86_64-debian-clang, r-devel-linux-x86_64-debian-gcc