Last updated on 2025-10-22 05:51:25 CEST.
Flavor | Version | Tinstall | Tcheck | Ttotal | Status | Flags |
---|---|---|---|---|---|---|
r-devel-linux-x86_64-debian-clang | 0.1.0 | 8.30 | 93.40 | 101.70 | NOTE | |
r-devel-linux-x86_64-debian-gcc | 0.1.0 | 5.19 | 65.11 | 70.30 | NOTE | |
r-devel-linux-x86_64-fedora-clang | 0.1.0 | 18.00 | 137.97 | 155.97 | OK | |
r-devel-linux-x86_64-fedora-gcc | 0.1.0 | 26.00 | 145.25 | 171.25 | OK | |
r-devel-windows-x86_64 | 0.1.0 | 9.00 | 98.00 | 107.00 | OK | |
r-patched-linux-x86_64 | 0.1.0 | 7.48 | 88.09 | 95.57 | OK | |
r-release-linux-x86_64 | 0.1.0 | 8.20 | 87.78 | 95.98 | OK | |
r-release-macos-arm64 | 0.1.0 | 3.00 | 60.00 | 63.00 | OK | |
r-release-macos-x86_64 | 0.1.0 | 7.00 | 91.00 | 98.00 | OK | |
r-release-windows-x86_64 | 0.1.0 | 11.00 | 102.00 | 113.00 | OK | |
r-oldrel-macos-arm64 | 0.1.0 | 3.00 | 48.00 | 51.00 | OK | |
r-oldrel-macos-x86_64 | 0.1.0 | 15.00 | 119.00 | 134.00 | OK | |
r-oldrel-windows-x86_64 | 0.1.0 | 13.00 | 127.00 | 140.00 | OK |
Version: 0.1.0
Check: HTML version of manual
Result: NOTE
Found the following HTML validation problems:
CSample.html:497:1 (CSample.Rd:281): Warning: missing </ul> before </div>
CSample.html:168:1 (CSample.Rd:96): Warning: <h5> anchor "Usage" already defined
CSample.html:174:1 (CSample.Rd:100): Warning: <h5> anchor "Arguments" already defined
CSample.html:194:1 (CSample.Rd:111): Warning: <h5> anchor "Returns" already defined
CSample.html:211:1 (CSample.Rd:120): Warning: <h5> anchor "Usage" already defined
CSample.html:217:1 (CSample.Rd:124): Warning: <h5> anchor "Details" already defined
CSample.html:224:1 (CSample.Rd:128): Warning: <h5> anchor "Returns" already defined
CSample.html:241:1 (CSample.Rd:137): Warning: <h5> anchor "Usage" already defined
CSample.html:247:1 (CSample.Rd:141): Warning: <h5> anchor "Details" already defined
CSample.html:254:1 (CSample.Rd:145): Warning: <h5> anchor "Returns" already defined
CSample.html:271:1 (CSample.Rd:154): Warning: <h5> anchor "Usage" already defined
CSample.html:277:1 (CSample.Rd:158): Warning: <h5> anchor "Details" already defined
CSample.html:284:1 (CSample.Rd:162): Warning: <h5> anchor "Returns" already defined
CSample.html:301:1 (CSample.Rd:171): Warning: <h5> anchor "Usage" already defined
CSample.html:307:1 (CSample.Rd:175): Warning: <h5> anchor "Arguments" already defined
CSample.html:324:1 (CSample.Rd:186): Warning: <h5> anchor "Returns" already defined
CSample.html:341:1 (CSample.Rd:195): Warning: <h5> anchor "Usage" already defined
CSample.html:347:1 (CSample.Rd:199): Warning: <h5> anchor "Arguments" already defined
CSample.html:360:1 (CSample.Rd:206): Warning: <h5> anchor "Details" already defined
CSample.html:367:1 (CSample.Rd:210): Warning: <h5> anchor "Returns" already defined
CSample.html:384:1 (CSample.Rd:219): Warning: <h5> anchor "Usage" already defined
CSample.html:390:1 (CSample.Rd:223): Warning: <h5> anchor "Details" already defined
CSample.html:397:1 (CSample.Rd:227): Warning: <h5> anchor "Returns" already defined
CSample.html:414:1 (CSample.Rd:236): Warning: <h5> anchor "Usage" already defined
CSample.html:420:1 (CSample.Rd:240): Warning: <h5> anchor "Details" already defined
CSample.html:427:1 (CSample.Rd:244): Warning: <h5> anchor "Returns" already defined
CSample.html:444:1 (CSample.Rd:253): Warning: <h5> anchor "Usage" already defined
CSample.html:450:1 (CSample.Rd:257): Warning: <h5> anchor "Details" already defined
CSample.html:457:1 (CSample.Rd:261): Warning: <h5> anchor "Returns" already defined
CSample.html:474:1 (CSample.Rd:270): Warning: <h5> anchor "Usage" already defined
CSample.html:480:1 (CSample.Rd:274): Warning: <h5> anchor "Arguments" already defined
TangentImageHandler.html:404:1 (TangentImageHandler.Rd:221): Warning: missing </ul> before </div>
TangentImageHandler.html:145:1 (TangentImageHandler.Rd:73): Warning: <h5> anchor "Usage" already defined
TangentImageHandler.html:151:1 (TangentImageHandler.Rd:77): Warning: <h5> anchor "Arguments" already defined
TangentImageHandler.html:164:1 (TangentImageHandler.Rd:84): Warning: <h5> anchor "Returns" already defined
TangentImageHandler.html:180:1 (TangentImageHandler.Rd:93): Warning: <h5> anchor "Usage" already defined
TangentImageHandler.html:186:1 (TangentImageHandler.Rd:97): Warning: <h5> anchor "Arguments" already defined
TangentImageHandler.html:199:1 (TangentImageHandler.Rd:104): Warning: <h5> anchor "Returns" already defined
TangentImageHandler.html:215:1 (TangentImageHandler.Rd:113): Warning: <h5> anchor "Usage" already defined
TangentImageHandler.html:221:1 (TangentImageHandler.Rd:117): Warning: <h5> anchor "Returns" already defined
TangentImageHandler.html:237:1 (TangentImageHandler.Rd:126): Warning: <h5> anchor "Usage" already defined
TangentImageHandler.html:243:1 (TangentImageHandler.Rd:130): Warning: <h5> anchor "Returns" already defined
TangentImageHandler.html:259:1 (TangentImageHandler.Rd:139): Warning: <h5> anchor "Usage" already defined
TangentImageHandler.html:265:1 (TangentImageHandler.Rd:143): Warning: <h5> anchor "Arguments" already defined
TangentImageHandler.html:280:1 (TangentImageHandler.Rd:152): Warning: <h5> anchor "Returns" already defined
TangentImageHandler.html:296:1 (TangentImageHandler.Rd:161): Warning: <h5> anchor "Usage" already defined
TangentImageHandler.html:302:1 (TangentImageHandler.Rd:165): Warning: <h5> anchor "Arguments" already defined
TangentImageHandler.html:323:1 (TangentImageHandler.Rd:177): Warning: <h5> anchor "Usage" already defined
TangentImageHandler.html:329:1 (TangentImageHandler.Rd:181): Warning: <h5> anchor "Returns" already defined
TangentImageHandler.html:345:1 (TangentImageHandler.Rd:190): Warning: <h5> anchor "Usage" already defined
TangentImageHandler.html:351:1 (TangentImageHandler.Rd:194): Warning: <h5> anchor "Arguments" already defined
TangentImageHandler.html:364:1 (TangentImageHandler.Rd:201): Warning: <h5> anchor "Returns" already defined
TangentImageHandler.html:381:1 (TangentImageHandler.Rd:210): Warning: <h5> anchor "Usage" already defined
TangentImageHandler.html:387:1 (TangentImageHandler.Rd:214): Warning: <h5> anchor "Arguments" already defined
Flavors: r-devel-linux-x86_64-debian-clang, r-devel-linux-x86_64-debian-gcc