Last updated on 2025-10-24 04:51:07 CEST.
| Flavor | Version | Tinstall | Tcheck | Ttotal | Status | Flags |
|---|---|---|---|---|---|---|
| r-devel-linux-x86_64-debian-clang | 1.2.3 | 2.74 | 406.09 | 408.83 | NOTE | |
| r-devel-linux-x86_64-debian-gcc | 1.2.3 | 2.02 | 274.01 | 276.03 | OK | |
| r-devel-linux-x86_64-fedora-clang | 1.2.3 | 649.14 | OK | |||
| r-devel-linux-x86_64-fedora-gcc | 1.2.3 | 19.00 | 725.18 | 744.18 | OK | |
| r-devel-windows-x86_64 | 1.2.3 | 6.00 | 454.00 | 460.00 | OK | |
| r-patched-linux-x86_64 | 1.2.3 | 2.95 | 400.89 | 403.84 | OK | |
| r-release-linux-x86_64 | 1.2.3 | 2.59 | 404.55 | 407.14 | OK | |
| r-release-macos-arm64 | 1.2.3 | 2.00 | 183.00 | 185.00 | OK | |
| r-release-macos-x86_64 | 1.2.3 | 4.00 | 453.00 | 457.00 | OK | |
| r-release-windows-x86_64 | 1.2.3 | 6.00 | 453.00 | 459.00 | OK | |
| r-oldrel-macos-arm64 | 1.2.3 | 1.00 | 177.00 | 178.00 | OK | |
| r-oldrel-macos-x86_64 | 1.2.3 | 2.00 | 441.00 | 443.00 | OK | |
| r-oldrel-windows-x86_64 | 1.2.3 | 6.00 | 619.00 | 625.00 | OK |
Version: 1.2.3
Check: HTML version of manual
Result: NOTE
Found the following HTML validation problems:
risk_mod_random_start.html:102:1 (risk_mod_random_start.Rd:46): Warning: missing </ul> before </div>
Flavor: r-devel-linux-x86_64-debian-clang