Last updated on 2025-10-24 04:51:07 CEST.
| Flavor | Version | Tinstall | Tcheck | Ttotal | Status | Flags |
|---|---|---|---|---|---|---|
| r-devel-linux-x86_64-debian-clang | 0.1.16 | 1118.22 | 205.91 | 1324.13 | OK | |
| r-devel-linux-x86_64-debian-gcc | 0.1.16 | 1013.71 | 234.64 | 1248.35 | OK | |
| r-devel-linux-x86_64-fedora-clang | 0.1.16 | 2100.00 | -47.30 | 2052.70 | OK | |
| r-devel-linux-x86_64-fedora-gcc | 0.1.16 | 5100.00 | -2114.31 | 2985.69 | OK | |
| r-devel-windows-x86_64 | 0.1.16 | 1289.00 | 336.00 | 1625.00 | OK | |
| r-patched-linux-x86_64 | 0.1.16 | 1360.99 | 317.22 | 1678.21 | OK | |
| r-release-linux-x86_64 | 0.1.16 | 1364.22 | 318.92 | 1683.14 | OK | |
| r-release-macos-arm64 | 0.1.16 | 437.00 | 67.00 | 504.00 | OK | |
| r-release-macos-x86_64 | 0.1.16 | 538.00 | 158.00 | 696.00 | OK | |
| r-release-windows-x86_64 | 0.1.16 | 1273.00 | 323.00 | 1596.00 | OK | |
| r-oldrel-macos-arm64 | 0.1.16 | 237.00 | 46.00 | 283.00 | NOTE | |
| r-oldrel-macos-x86_64 | 0.1.16 | 138.00 | 77.00 | 215.00 | NOTE | |
| r-oldrel-windows-x86_64 | 0.1.16 | 1426.00 | 413.00 | 1839.00 | NOTE |
Version: 0.1.16
Check: installed package size
Result: NOTE
installed size is 143.2Mb
sub-directories of 1Mb or more:
libs 142.8Mb
Flavors: r-oldrel-macos-arm64, r-oldrel-macos-x86_64, r-oldrel-windows-x86_64
Version: 0.1.16
Check: for GNU extensions in Makefiles
Result: NOTE
GNU make is a SystemRequirements.
Flavors: r-oldrel-macos-arm64, r-oldrel-macos-x86_64, r-oldrel-windows-x86_64