CRAN Package Check Results for Package rnaCrosslinkOO

Last updated on 2025-10-22 05:51:25 CEST.

Flavor Version Tinstall Tcheck Ttotal Status Flags
r-devel-linux-x86_64-debian-clang 0.1.4 39.04 394.37 433.41 NOTE
r-devel-linux-x86_64-debian-gcc 0.1.4 23.81 271.07 294.88 NOTE
r-devel-linux-x86_64-fedora-clang 0.1.4 78.00 599.91 677.91 OK
r-devel-linux-x86_64-fedora-gcc 0.1.4 154.00 538.95 692.95 OK
r-devel-windows-x86_64 0.1.4 37.00 555.00 592.00 OK
r-patched-linux-x86_64 0.1.4 35.70 379.37 415.07 OK
r-release-linux-x86_64 0.1.4 34.24 379.10 413.34 OK
r-release-macos-arm64 0.1.4 16.00 198.00 214.00 OK
r-release-macos-x86_64 0.1.4 35.00 430.00 465.00 OK
r-release-windows-x86_64 0.1.4 36.00 532.00 568.00 OK
r-oldrel-macos-arm64 0.1.4 14.00 173.00 187.00 OK
r-oldrel-macos-x86_64 0.1.4 56.00 374.00 430.00 OK
r-oldrel-windows-x86_64 0.1.4 51.00 671.00 722.00 ERROR

Check Details

Version: 0.1.4
Check: HTML version of manual
Result: NOTE Found the following HTML validation problems: sampleChimeras.html:47:1 (sampleChimeras.Rd:10): Warning: missing </ul> before </div> Flavors: r-devel-linux-x86_64-debian-clang, r-devel-linux-x86_64-debian-gcc

Version: 0.1.4
Check: re-building of vignette outputs
Result: ERROR Error(s) in re-building vignettes: --- re-building 'rnaCrosslinkOO.Rmd' using rmarkdown File rnaCrosslinkProtocol.jpg not found in resource path Error: processing vignette 'rnaCrosslinkOO.Rmd' failed with diagnostics: pandoc document conversion failed with error 99 --- failed re-building 'rnaCrosslinkOO.Rmd' SUMMARY: processing the following file failed: 'rnaCrosslinkOO.Rmd' Error: Vignette re-building failed. Execution halted Flavor: r-oldrel-windows-x86_64