Last updated on 2025-10-24 04:51:07 CEST.
| Flavor | Version | Tinstall | Tcheck | Ttotal | Status | Flags |
|---|---|---|---|---|---|---|
| r-devel-linux-x86_64-debian-clang | 0.2.6 | 4.94 | 28.33 | 33.27 | OK | |
| r-devel-linux-x86_64-debian-gcc | 0.2.6 | 4.18 | 23.28 | 27.46 | OK | |
| r-devel-linux-x86_64-fedora-clang | 0.2.6 | 11.00 | 38.20 | 49.20 | NOTE | |
| r-devel-linux-x86_64-fedora-gcc | 0.2.6 | 19.00 | 46.29 | 65.29 | NOTE | |
| r-devel-windows-x86_64 | 0.2.6 | 8.00 | 48.00 | 56.00 | OK | |
| r-patched-linux-x86_64 | 0.2.6 | 4.22 | 25.93 | 30.15 | OK | |
| r-release-linux-x86_64 | 0.2.6 | 4.33 | 25.83 | 30.16 | OK | |
| r-release-macos-arm64 | 0.2.6 | 8.00 | 30.00 | 38.00 | OK | |
| r-release-macos-x86_64 | 0.2.6 | 13.00 | 43.00 | 56.00 | OK | |
| r-release-windows-x86_64 | 0.2.6 | 9.00 | 50.00 | 59.00 | OK | |
| r-oldrel-macos-arm64 | 0.2.6 | 7.00 | 22.00 | 29.00 | OK | |
| r-oldrel-macos-x86_64 | 0.2.6 | 8.00 | 37.00 | 45.00 | OK | |
| r-oldrel-windows-x86_64 | 0.2.6 | 10.00 | 56.00 | 66.00 | OK |
Version: 0.2.6
Check: compiled code
Result: NOTE
File ‘rnetcarto/libs/rnetcarto.so’:
Found no calls to: ‘R_registerRoutines’, ‘R_useDynamicSymbols’
It is good practice to register native routines and to disable symbol
search.
See ‘Writing portable packages’ in the ‘Writing R Extensions’ manual.
Flavors: r-devel-linux-x86_64-fedora-clang, r-devel-linux-x86_64-fedora-gcc