Last updated on 2025-07-22 08:48:42 CEST.
Flavor | Version | Tinstall | Tcheck | Ttotal | Status | Flags |
---|---|---|---|---|---|---|
r-devel-linux-x86_64-debian-clang | 0.1-11 | 34.72 | 52.76 | 87.48 | NOTE | |
r-devel-linux-x86_64-debian-gcc | 0.1-11 | 21.99 | 40.93 | 62.92 | NOTE | |
r-devel-linux-x86_64-fedora-clang | 0.1-11 | 150.66 | OK | |||
r-devel-linux-x86_64-fedora-gcc | 0.1-11 | 131.93 | OK | |||
r-devel-windows-x86_64 | 0.1-11 | 39.00 | 91.00 | 130.00 | OK | |
r-patched-linux-x86_64 | 0.1-11 | 30.97 | 50.06 | 81.03 | OK | |
r-release-linux-x86_64 | 0.1-11 | 30.81 | 49.97 | 80.78 | OK | |
r-release-macos-arm64 | 0.1-11 | 44.00 | OK | |||
r-release-macos-x86_64 | 0.1-11 | 64.00 | OK | |||
r-release-windows-x86_64 | 0.1-11 | 38.00 | 95.00 | 133.00 | OK | |
r-oldrel-macos-arm64 | 0.1-11 | 42.00 | OK | |||
r-oldrel-macos-x86_64 | 0.1-11 | 64.00 | OK | |||
r-oldrel-windows-x86_64 | 0.1-11 | 45.00 | 109.00 | 154.00 | OK |
Version: 0.1-11
Check: CRAN incoming feasibility
Result: NOTE
Maintainer: ‘Ian M. Johnson <ijca2013@gmail.com>’
No Authors@R field in DESCRIPTION.
Please add one, modifying
Authors@R: person(given = c("Ian", "M."),
family = "Johnson",
role = c("aut", "cre"),
email = "ijca2013@gmail.com")
as necessary.
Flavors: r-devel-linux-x86_64-debian-clang, r-devel-linux-x86_64-debian-gcc