Last updated on 2025-07-19 08:48:50 CEST.
Flavor | Version | Tinstall | Tcheck | Ttotal | Status | Flags |
---|---|---|---|---|---|---|
r-devel-linux-x86_64-debian-clang | 0.1-7 | 14.49 | 152.17 | 166.66 | NOTE | |
r-devel-linux-x86_64-debian-gcc | 0.1-7 | 9.75 | 99.30 | 109.05 | NOTE | |
r-devel-linux-x86_64-fedora-clang | 0.1-7 | 252.52 | OK | |||
r-devel-linux-x86_64-fedora-gcc | 0.1-7 | 245.66 | OK | |||
r-devel-windows-x86_64 | 0.1-7 | 23.00 | 157.00 | 180.00 | OK | |
r-patched-linux-x86_64 | 0.1-7 | 13.08 | 143.44 | 156.52 | OK | |
r-release-linux-x86_64 | 0.1-7 | 12.16 | 143.99 | 156.15 | OK | |
r-release-macos-arm64 | 0.1-7 | 75.00 | OK | |||
r-release-macos-x86_64 | 0.1-7 | 147.00 | OK | |||
r-release-windows-x86_64 | 0.1-7 | 20.00 | 152.00 | 172.00 | OK | |
r-oldrel-macos-arm64 | 0.1-7 | 76.00 | OK | |||
r-oldrel-macos-x86_64 | 0.1-7 | 115.00 | OK | |||
r-oldrel-windows-x86_64 | 0.1-7 | 28.00 | 204.00 | 232.00 | OK |
Version: 0.1-7
Check: CRAN incoming feasibility
Result: NOTE
Maintainer: ‘Claudio Agostinelli <claudio.agostinelli@unitn.it>’
No Authors@R field in DESCRIPTION.
Please add one, modifying
Authors@R: c(person(given = "Claudio",
family = "Agostinelli",
role = c("aut", "cre"),
email = "claudio.agostinelli@unitn.it"),
person(given = c("Victor", "J."),
family = "Yohai",
role = "aut",
email = "victoryohai@gmail.com"))
as necessary.
Package CITATION file contains call(s) to old-style personList() or
as.personList(). Please use c() on person objects instead.
Package CITATION file contains call(s) to old-style citEntry(). Please
use bibentry() instead.
Flavors: r-devel-linux-x86_64-debian-clang, r-devel-linux-x86_64-debian-gcc