CRAN Package Check Results for Package rocsvm.path

Last updated on 2025-07-19 08:48:50 CEST.

Flavor Version Tinstall Tcheck Ttotal Status Flags
r-devel-linux-x86_64-debian-clang 0.1.0 3.72 36.19 39.91 OK
r-devel-linux-x86_64-debian-gcc 0.1.0 3.51 27.51 31.02 OK
r-devel-linux-x86_64-fedora-clang 0.1.0 63.24 OK
r-devel-linux-x86_64-fedora-gcc 0.1.0 57.91 OK
r-devel-windows-x86_64 0.1.0 5.00 52.00 57.00 OK
r-patched-linux-x86_64 0.1.0 4.15 34.53 38.68 OK
r-release-linux-x86_64 0.1.0 3.93 34.54 38.47 OK
r-release-macos-arm64 0.1.0 22.00 OK
r-release-macos-x86_64 0.1.0 37.00 OK
r-release-windows-x86_64 0.1.0 5.00 58.00 63.00 OK
r-oldrel-macos-arm64 0.1.0 22.00 NOTE
r-oldrel-macos-x86_64 0.1.0 35.00 NOTE
r-oldrel-windows-x86_64 0.1.0 4.00 51.00 55.00 NOTE

Additional issues

donttest

Check Details

Version: 0.1.0
Check: LazyData
Result: NOTE 'LazyData' is specified without a 'data' directory Flavors: r-oldrel-macos-arm64, r-oldrel-macos-x86_64, r-oldrel-windows-x86_64