CRAN Package Check Results for Package rocsvm.path

Last updated on 2025-10-22 05:51:25 CEST.

Flavor Version Tinstall Tcheck Ttotal Status Flags
r-devel-linux-x86_64-debian-clang 0.1.0 4.43 37.39 41.82 NOTE
r-devel-linux-x86_64-debian-gcc 0.1.0 3.30 28.64 31.94 NOTE
r-devel-linux-x86_64-fedora-clang 0.1.0 62.81 OK
r-devel-linux-x86_64-fedora-gcc 0.1.0 21.00 43.79 64.79 OK
r-devel-windows-x86_64 0.1.0 5.00 51.00 56.00 OK
r-patched-linux-x86_64 0.1.0 4.07 35.75 39.82 OK
r-release-linux-x86_64 0.1.0 3.49 35.76 39.25 OK
r-release-macos-arm64 0.1.0 2.00 20.00 22.00 OK
r-release-macos-x86_64 0.1.0 4.00 33.00 37.00 OK
r-release-windows-x86_64 0.1.0 5.00 58.00 63.00 OK
r-oldrel-macos-arm64 0.1.0 2.00 20.00 22.00 NOTE
r-oldrel-macos-x86_64 0.1.0 4.00 31.00 35.00 NOTE
r-oldrel-windows-x86_64 0.1.0 4.00 51.00 55.00 NOTE

Additional issues

donttest

Check Details

Version: 0.1.0
Check: HTML version of manual
Result: NOTE Found the following HTML validation problems: poly.kernel.html:58:1 (poly.kernel.Rd:16): Warning: missing </ul> before </div> radial.kernel.html:58:1 (radial.kernel.Rd:16): Warning: missing </ul> before </div> Flavors: r-devel-linux-x86_64-debian-clang, r-devel-linux-x86_64-debian-gcc

Version: 0.1.0
Check: LazyData
Result: NOTE 'LazyData' is specified without a 'data' directory Flavors: r-oldrel-macos-arm64, r-oldrel-macos-x86_64, r-oldrel-windows-x86_64