Last updated on 2025-10-22 05:51:25 CEST.
Flavor | Version | Tinstall | Tcheck | Ttotal | Status | Flags |
---|---|---|---|---|---|---|
r-devel-linux-x86_64-debian-clang | 0.3.12 | 15.15 | 116.83 | 131.98 | NOTE | |
r-devel-linux-x86_64-debian-gcc | 0.3.12 | 9.53 | 78.12 | 87.65 | NOTE | |
r-devel-linux-x86_64-fedora-clang | 0.3.12 | 62.00 | 147.48 | 209.48 | OK | |
r-devel-linux-x86_64-fedora-gcc | 0.3.12 | 30.00 | 158.36 | 188.36 | OK | |
r-devel-windows-x86_64 | 0.3.12 | 17.00 | 122.00 | 139.00 | NOTE | |
r-patched-linux-x86_64 | 0.3.12 | 16.46 | 107.15 | 123.61 | NOTE | |
r-release-linux-x86_64 | 0.3.12 | 12.89 | 106.76 | 119.65 | NOTE | |
r-release-macos-arm64 | 0.3.12 | 8.00 | 39.00 | 47.00 | OK | |
r-release-macos-x86_64 | 0.3.12 | 18.00 | 82.00 | 100.00 | OK | |
r-release-windows-x86_64 | 0.3.12 | 16.00 | 123.00 | 139.00 | NOTE | |
r-oldrel-macos-arm64 | 0.3.12 | 7.00 | 41.00 | 48.00 | OK | |
r-oldrel-macos-x86_64 | 0.3.12 | 15.00 | 83.00 | 98.00 | OK | |
r-oldrel-windows-x86_64 | 0.3.12 | 23.00 | 153.00 | 176.00 | OK |
Version: 0.3.12
Check: Rd cross-references
Result: NOTE
Found the following Rd file(s) with Rd \link{} targets missing package
anchors:
fanova.Rd: leveneTest, lmer, Anova
formatPvalue.Rd: noZero, formatCI
formatR.Rd: noZero, formatCI
ggBoxplot.Rd: ggplot, geom_boxplot
ggqq.Rd: ggplot
oneway.Rd: leveneTest
Please provide package anchors for all Rd \link{} targets not in the
package itself and the base packages.
Flavors: r-devel-linux-x86_64-debian-clang, r-devel-linux-x86_64-debian-gcc, r-devel-windows-x86_64, r-patched-linux-x86_64, r-release-linux-x86_64, r-release-windows-x86_64
Version: 0.3.12
Check: HTML version of manual
Result: NOTE
Found the following HTML validation problems:
print.gemm.html:59:1 (print.gemm.Rd:16): Warning: missing </ul> before </div>
Flavors: r-devel-linux-x86_64-debian-clang, r-devel-linux-x86_64-debian-gcc