CRAN Package Check Results for Package rotationForest

Last updated on 2025-10-24 04:51:07 CEST.

Flavor Version Tinstall Tcheck Ttotal Status Flags
r-devel-linux-x86_64-debian-clang 0.1.3 1.74 19.41 21.15 NOTE
r-devel-linux-x86_64-debian-gcc 0.1.3 1.42 16.09 17.51 NOTE
r-devel-linux-x86_64-fedora-clang 0.1.3 31.01 OK
r-devel-linux-x86_64-fedora-gcc 0.1.3 28.29 OK
r-devel-windows-x86_64 0.1.3 2.00 37.00 39.00 OK
r-patched-linux-x86_64 0.1.3 1.66 18.34 20.00 OK
r-release-linux-x86_64 0.1.3 1.62 18.40 20.02 OK
r-release-macos-arm64 0.1.3 1.00 14.00 15.00 OK
r-release-macos-x86_64 0.1.3 2.00 21.00 23.00 OK
r-release-windows-x86_64 0.1.3 3.00 39.00 42.00 OK
r-oldrel-macos-arm64 0.1.3 1.00 15.00 16.00 OK
r-oldrel-macos-x86_64 0.1.3 2.00 18.00 20.00 OK
r-oldrel-windows-x86_64 0.1.3 5.00 41.00 46.00 OK

Check Details

Version: 0.1.3
Check: CRAN incoming feasibility
Result: NOTE Maintainer: ‘Michel Ballings <michel.ballings@gmail.com>’ No Authors@R field in DESCRIPTION. Please add one, modifying Authors@R: c(person(given = "Michel", family = "Ballings", role = c("aut", "cre"), email = "michel.ballings@gmail.com"), person(given = "Dirk", family = "Van den Poel", role = "aut")) as necessary. Flavors: r-devel-linux-x86_64-debian-clang, r-devel-linux-x86_64-debian-gcc