Last updated on 2025-10-24 04:51:07 CEST.
| Flavor | Version | Tinstall | Tcheck | Ttotal | Status | Flags |
|---|---|---|---|---|---|---|
| r-devel-linux-x86_64-debian-clang | 0.0.2 | 1.65 | 25.38 | 27.03 | NOTE | |
| r-devel-linux-x86_64-debian-gcc | 0.0.2 | 1.43 | 20.51 | 21.94 | OK | |
| r-devel-linux-x86_64-fedora-clang | 0.0.2 | 37.14 | OK | |||
| r-devel-linux-x86_64-fedora-gcc | 0.0.2 | 40.59 | OK | |||
| r-devel-windows-x86_64 | 0.0.2 | 2.00 | 43.00 | 45.00 | OK | |
| r-patched-linux-x86_64 | 0.0.2 | 1.59 | 24.18 | 25.77 | OK | |
| r-release-linux-x86_64 | 0.0.2 | 1.70 | 24.01 | 25.71 | OK | |
| r-release-macos-arm64 | 0.0.2 | 1.00 | 19.00 | 20.00 | OK | |
| r-release-macos-x86_64 | 0.0.2 | 2.00 | 27.00 | 29.00 | OK | |
| r-release-windows-x86_64 | 0.0.2 | 3.00 | 43.00 | 46.00 | OK | |
| r-oldrel-macos-arm64 | 0.0.2 | 1.00 | 18.00 | 19.00 | OK | |
| r-oldrel-macos-x86_64 | 0.0.2 | 1.00 | 26.00 | 27.00 | OK | |
| r-oldrel-windows-x86_64 | 0.0.2 | 4.00 | 49.00 | 53.00 | OK |
Version: 0.0.2
Check: HTML version of manual
Result: NOTE
Found the following HTML validation problems:
suggest_new_fact.html:57:1 (suggest_new_fact.Rd:15): Warning: missing </ul> before </div>
Flavor: r-devel-linux-x86_64-debian-clang