Last updated on 2025-10-22 05:51:25 CEST.
Flavor | Version | Tinstall | Tcheck | Ttotal | Status | Flags |
---|---|---|---|---|---|---|
r-devel-linux-x86_64-debian-clang | 1.5.0 | 9.37 | 87.67 | 97.04 | NOTE | |
r-devel-linux-x86_64-debian-gcc | 1.5.0 | 6.40 | 62.78 | 69.18 | NOTE | |
r-devel-linux-x86_64-fedora-clang | 1.5.0 | 56.00 | 99.90 | 155.90 | OK | |
r-devel-linux-x86_64-fedora-gcc | 1.5.0 | 52.00 | 115.61 | 167.61 | OK | |
r-devel-windows-x86_64 | 1.5.0 | 11.00 | 97.00 | 108.00 | OK | |
r-patched-linux-x86_64 | 1.5.0 | 8.21 | 81.32 | 89.53 | OK | |
r-release-linux-x86_64 | 1.5.0 | 8.84 | 82.68 | 91.52 | OK | |
r-release-macos-arm64 | 1.5.0 | 3.00 | 46.00 | 49.00 | OK | |
r-release-macos-x86_64 | 1.5.0 | 7.00 | 85.00 | 92.00 | OK | |
r-release-windows-x86_64 | 1.5.0 | 12.00 | 97.00 | 109.00 | OK | |
r-oldrel-macos-arm64 | 1.5.0 | 4.00 | 44.00 | 48.00 | OK | |
r-oldrel-macos-x86_64 | 1.5.0 | 12.00 | 122.00 | 134.00 | OK | |
r-oldrel-windows-x86_64 | 1.5.0 | 15.00 | 119.00 | 134.00 | OK |
Version: 1.5.0
Check: HTML version of manual
Result: NOTE
Found the following HTML validation problems:
plot_phylopic.html:57:1 (plot_phylopic.Rd:18): Warning: missing </ul> before </div>
scales.html:170:1 (scales.Rd:93): Warning: missing </ul> before </div>
Flavors: r-devel-linux-x86_64-debian-clang, r-devel-linux-x86_64-debian-gcc