CRAN Package Check Results for Package rr2

Last updated on 2025-10-22 05:51:25 CEST.

Flavor Version Tinstall Tcheck Ttotal Status Flags
r-devel-linux-x86_64-debian-clang 1.1.1 9.63 96.93 106.56 NOTE
r-devel-linux-x86_64-debian-gcc 1.1.1 7.40 69.88 77.28 NOTE
r-devel-linux-x86_64-fedora-clang 1.1.1 28.00 432.56 460.56 NOTE
r-devel-linux-x86_64-fedora-gcc 1.1.1 31.00 451.87 482.87 NOTE
r-devel-windows-x86_64 1.1.1 14.00 110.00 124.00 NOTE
r-patched-linux-x86_64 1.1.1 9.93 91.74 101.67 NOTE
r-release-linux-x86_64 1.1.1 10.61 91.49 102.10 NOTE
r-release-macos-arm64 1.1.1 7.00 65.00 72.00 NOTE
r-release-macos-x86_64 1.1.1 23.00 152.00 175.00 NOTE
r-release-windows-x86_64 1.1.1 14.00 112.00 126.00 NOTE
r-oldrel-macos-arm64 1.1.1 6.00 45.00 51.00 NOTE
r-oldrel-macos-x86_64 1.1.1 8.00 60.00 68.00 NOTE
r-oldrel-windows-x86_64 1.1.1 18.00 143.00 161.00 NOTE

Check Details

Version: 1.1.1
Check: Rd files
Result: NOTE checkRd: (-1) R2_lik.Rd:37: Lost braces; missing escapes or markup? 37 | \code{R2_lik()} is also computed for LMMs and GLMMs in the {MuMIn} package. | ^ checkRd: (-1) R2_pred.Rd:32: Lost braces; missing escapes or markup? 32 | Note that the version of \code{binaryPGLMM()} in the package ape is replaced by a version contained within {rr2} that outputs all of the required information for the calculation of R2_resid. | ^ checkRd: (-1) R2_resid.Rd:69: Lost braces; missing escapes or markup? 69 | Note that the version of \code{binaryPGLMM()} in the package ape is replaced by a version contained within {rr2} that outputs all of the required information for the calculation of \code{R2_resid()} | ^ Flavors: r-devel-linux-x86_64-debian-clang, r-devel-linux-x86_64-debian-gcc, r-devel-linux-x86_64-fedora-clang, r-devel-linux-x86_64-fedora-gcc, r-devel-windows-x86_64, r-patched-linux-x86_64, r-release-linux-x86_64, r-release-macos-arm64, r-release-macos-x86_64, r-release-windows-x86_64, r-oldrel-macos-arm64, r-oldrel-macos-x86_64, r-oldrel-windows-x86_64

Version: 1.1.1
Check: HTML version of manual
Result: NOTE Found the following HTML validation problems: inv.logit.html:46:1 (inv.logit.Rd:10): Warning: missing </ul> before </div> Flavors: r-devel-linux-x86_64-debian-clang, r-devel-linux-x86_64-debian-gcc