Last updated on 2025-10-22 05:51:25 CEST.
Flavor | Version | Tinstall | Tcheck | Ttotal | Status | Flags |
---|---|---|---|---|---|---|
r-devel-linux-x86_64-debian-clang | 0.8.0 | 15.39 | 128.10 | 143.49 | NOTE | |
r-devel-linux-x86_64-debian-gcc | 0.8.0 | 10.75 | 90.02 | 100.77 | NOTE | |
r-devel-linux-x86_64-fedora-clang | 0.8.0 | 30.00 | 182.55 | 212.55 | OK | |
r-devel-linux-x86_64-fedora-gcc | 0.8.0 | 40.00 | 157.38 | 197.38 | OK | |
r-devel-windows-x86_64 | 0.8.0 | 18.00 | 140.00 | 158.00 | OK | |
r-patched-linux-x86_64 | 0.8.0 | 16.34 | 118.06 | 134.40 | OK | |
r-release-linux-x86_64 | 0.8.0 | 14.11 | 118.55 | 132.66 | OK | |
r-release-macos-arm64 | 0.8.0 | 7.00 | 59.00 | 66.00 | OK | |
r-release-macos-x86_64 | 0.8.0 | 12.00 | 85.00 | 97.00 | OK | |
r-release-windows-x86_64 | 0.8.0 | 19.00 | 141.00 | 160.00 | OK | |
r-oldrel-macos-arm64 | 0.8.0 | 6.00 | 48.00 | 54.00 | OK | |
r-oldrel-macos-x86_64 | 0.8.0 | 9.00 | 68.00 | 77.00 | OK | |
r-oldrel-windows-x86_64 | 0.8.0 | 23.00 | 175.00 | 198.00 | OK |
Version: 0.8.0
Check: HTML version of manual
Result: NOTE
Found the following HTML validation problems:
AddResults.html:48:1 (AddResults.Rd:10): Warning: missing </ul> before </div>
Easy.Run.html:63:1 (Easy.Run.Rd:18): Warning: missing </ul> before </div>
Engine.Finish.html:47:1 (Engine.Finish.Rd:10): Warning: missing </ul> before </div>
Engine.RunModel.html:46:1 (Engine.RunModel.Rd:10): Warning: missing </ul> before </div>
Engine.endAt.html:51:1 (Engine.endAt.Rd:12): Warning: missing </ul> before </div>
Engine.getId.html:48:1 (Engine.getId.Rd:10): Warning: missing </ul> before </div>
Engine.resetModelOutput.html:46:1 (Engine.resetModelOutput.Rd:10): Warning: missing </ul> before </div>
Engine.setParameter.html:54:1 (Engine.setParameter.Rd:14): Warning: missing </ul> before </div>
PB.init.html:51:1 (PB.init.Rd:12): Warning: missing </ul> before </div>
PB.pset.html:46:1 (PB.pset.Rd:10): Warning: missing </ul> before </div>
PB.rnum.html:46:1 (PB.rnum.Rd:10): Warning: missing </ul> before </div>
PB.set.html:46:1 (PB.set.Rd:10): Warning: missing </ul> before </div>
PB.update.html:46:1 (PB.update.Rd:10): Warning: missing </ul> before </div>
SetResults.html:46:1 (SetResults.Rd:10): Warning: missing </ul> before </div>
SetResultsParameters.html:47:1 (SetResultsParameters.Rd:10): Warning: missing </ul> before </div>
SetSimulationParameter.html:54:1 (SetSimulationParameter.Rd:14): Warning: missing </ul> before </div>
SetSimulationParameters.html:52:1 (SetSimulationParameters.Rd:12): Warning: missing </ul> before </div>
setId.html:46:1 (setId.Rd:10): Warning: missing </ul> before </div>
setKeyRandom.html:47:1 (setKeyRandom.Rd:10): Warning: missing </ul> before </div>
setOutputDir.html:47:1 (setOutputDir.Rd:10): Warning: missing </ul> before </div>
setpkgcores.html:46:1 (setpkgcores.Rd:10): Warning: missing </ul> before </div>
Flavors: r-devel-linux-x86_64-debian-clang, r-devel-linux-x86_64-debian-gcc