Last updated on 2025-07-21 08:50:15 CEST.
Flavor | Version | Tinstall | Tcheck | Ttotal | Status | Flags |
---|---|---|---|---|---|---|
r-devel-linux-x86_64-debian-clang | 0.1-13 | 78.02 | 102.10 | 180.12 | NOTE | |
r-devel-linux-x86_64-debian-gcc | 0.1-13 | 55.63 | 69.19 | 124.82 | NOTE | |
r-devel-linux-x86_64-fedora-clang | 0.1-13 | 318.57 | NOTE | |||
r-devel-linux-x86_64-fedora-gcc | 0.1-13 | 275.40 | NOTE | |||
r-devel-windows-x86_64 | 0.1-13 | 89.00 | 117.00 | 206.00 | NOTE | |
r-patched-linux-x86_64 | 0.1-13 | 73.68 | 95.38 | 169.06 | NOTE | |
r-release-linux-x86_64 | 0.1-13 | 77.37 | 95.54 | 172.91 | NOTE | |
r-release-macos-arm64 | 0.1-13 | 73.00 | NOTE | |||
r-release-macos-x86_64 | 0.1-13 | 120.00 | NOTE | |||
r-release-windows-x86_64 | 0.1-13 | 90.00 | 119.00 | 209.00 | NOTE | |
r-oldrel-macos-arm64 | 0.1-13 | 68.00 | NOTE | |||
r-oldrel-macos-x86_64 | 0.1-13 | 104.00 | NOTE | |||
r-oldrel-windows-x86_64 | 0.1-13 | 106.00 | 156.00 | 262.00 | NOTE |
Version: 0.1-13
Check: C++ specification
Result: NOTE
Specified C++11: please drop specification unless essential
Flavors: r-devel-linux-x86_64-debian-clang, r-devel-linux-x86_64-debian-gcc, r-devel-linux-x86_64-fedora-clang, r-devel-linux-x86_64-fedora-gcc, r-devel-windows-x86_64, r-patched-linux-x86_64, r-release-linux-x86_64, r-release-macos-arm64, r-release-macos-x86_64, r-release-windows-x86_64, r-oldrel-macos-arm64, r-oldrel-macos-x86_64, r-oldrel-windows-x86_64
Version: 0.1-13
Check: Rd files
Result: NOTE
checkRd: (-1) mrrr.Rd:67: Lost braces in \itemize; meant \describe ?
checkRd: (-1) mrrr.Rd:68: Lost braces in \itemize; meant \describe ?
checkRd: (-1) mrrr.Rd:69-70: Lost braces in \itemize; meant \describe ?
checkRd: (-1) mrrr.Rd:71-72: Lost braces in \itemize; meant \describe ?
checkRd: (-1) mrrr.Rd:73: Lost braces in \itemize; meant \describe ?
checkRd: (-1) mrrr.Rd:74: Lost braces in \itemize; meant \describe ?
Flavors: r-devel-linux-x86_64-debian-clang, r-devel-linux-x86_64-debian-gcc, r-devel-linux-x86_64-fedora-clang, r-devel-linux-x86_64-fedora-gcc, r-devel-windows-x86_64, r-patched-linux-x86_64, r-release-linux-x86_64, r-release-macos-arm64, r-release-macos-x86_64, r-release-windows-x86_64, r-oldrel-macos-arm64, r-oldrel-macos-x86_64, r-oldrel-windows-x86_64