Last updated on 2025-10-24 04:51:08 CEST.
| Flavor | Version | Tinstall | Tcheck | Ttotal | Status | Flags |
|---|---|---|---|---|---|---|
| r-devel-linux-x86_64-debian-clang | 0.1.2 | 1.67 | 21.51 | 23.18 | OK | |
| r-devel-linux-x86_64-debian-gcc | 0.1.2 | 1.43 | 17.47 | 18.90 | OK | |
| r-devel-linux-x86_64-fedora-clang | 0.1.2 | 32.66 | OK | |||
| r-devel-linux-x86_64-fedora-gcc | 0.1.2 | 30.67 | OK | |||
| r-devel-windows-x86_64 | 0.1.2 | 4.00 | 40.00 | 44.00 | OK | |
| r-patched-linux-x86_64 | 0.1.2 | 1.78 | 19.21 | 20.99 | OK | |
| r-release-linux-x86_64 | 0.1.2 | 1.64 | 19.33 | 20.97 | OK | |
| r-release-macos-arm64 | 0.1.2 | 1.00 | 15.00 | 16.00 | OK | |
| r-release-macos-x86_64 | 0.1.2 | 2.00 | 23.00 | 25.00 | OK | |
| r-release-windows-x86_64 | 0.1.2 | 3.00 | 42.00 | 45.00 | OK | |
| r-oldrel-macos-arm64 | 0.1.2 | 1.00 | 20.00 | 21.00 | NOTE | |
| r-oldrel-macos-x86_64 | 0.1.2 | 2.00 | 20.00 | 22.00 | NOTE | |
| r-oldrel-windows-x86_64 | 0.1.2 | 3.00 | 44.00 | 47.00 | NOTE |
Version: 0.1.2
Check: LazyData
Result: NOTE
'LazyData' is specified without a 'data' directory
Flavors: r-oldrel-macos-arm64, r-oldrel-macos-x86_64, r-oldrel-windows-x86_64