Last updated on 2025-10-22 05:51:26 CEST.
Flavor | Version | Tinstall | Tcheck | Ttotal | Status | Flags |
---|---|---|---|---|---|---|
r-devel-linux-x86_64-debian-clang | 0.1.9 | 238.59 | 225.42 | 464.01 | NOTE | |
r-devel-linux-x86_64-debian-gcc | 0.1.9 | 221.91 | 169.26 | 391.17 | NOTE | |
r-devel-linux-x86_64-fedora-clang | 0.1.9 | 458.00 | 260.74 | 718.74 | OK | |
r-devel-linux-x86_64-fedora-gcc | 0.1.9 | 780.00 | 113.95 | 893.95 | OK | |
r-devel-windows-x86_64 | 0.1.9 | 268.00 | 252.00 | 520.00 | OK | |
r-patched-linux-x86_64 | 0.1.9 | 297.57 | 238.29 | 535.86 | OK | |
r-release-linux-x86_64 | 0.1.9 | 290.52 | 236.68 | 527.20 | OK | |
r-release-macos-arm64 | 0.1.9 | 108.00 | 110.00 | 218.00 | OK | |
r-release-macos-x86_64 | 0.1.9 | 252.00 | 291.00 | 543.00 | OK | |
r-release-windows-x86_64 | 0.1.9 | 267.00 | 245.00 | 512.00 | OK | |
r-oldrel-macos-arm64 | 0.1.9 | 96.00 | 83.00 | 179.00 | NOTE | |
r-oldrel-macos-x86_64 | 0.1.9 | 141.00 | 164.00 | 305.00 | NOTE | |
r-oldrel-windows-x86_64 | 0.1.9 | 303.00 | 319.00 | 622.00 | NOTE |
Version: 0.1.9
Check: HTML version of manual
Result: NOTE
Found the following HTML validation problems:
stanemax-methods.html:88:1 (stanemax-methods.Rd:42): Warning: missing </ul> before </div>
Flavors: r-devel-linux-x86_64-debian-clang, r-devel-linux-x86_64-debian-gcc
Version: 0.1.9
Check: installed package size
Result: NOTE
installed size is 57.3Mb
sub-directories of 1Mb or more:
libs 56.6Mb
Flavors: r-oldrel-macos-arm64, r-oldrel-macos-x86_64
Version: 0.1.9
Check: for GNU extensions in Makefiles
Result: NOTE
GNU make is a SystemRequirements.
Flavors: r-oldrel-macos-arm64, r-oldrel-macos-x86_64, r-oldrel-windows-x86_64