Last updated on 2025-10-24 04:51:08 CEST.
| Flavor | Version | Tinstall | Tcheck | Ttotal | Status | Flags |
|---|---|---|---|---|---|---|
| r-devel-linux-x86_64-debian-clang | 1.1.0 | 2.19 | 35.87 | 38.06 | NOTE | |
| r-devel-linux-x86_64-debian-gcc | 1.1.0 | 1.85 | 28.11 | 29.96 | NOTE | |
| r-devel-linux-x86_64-fedora-clang | 1.1.0 | 55.76 | NOTE | |||
| r-devel-linux-x86_64-fedora-gcc | 1.1.0 | 69.04 | NOTE | |||
| r-devel-windows-x86_64 | 1.1.0 | 4.00 | 58.00 | 62.00 | NOTE | |
| r-patched-linux-x86_64 | 1.1.0 | 2.94 | 32.55 | 35.49 | NOTE | |
| r-release-linux-x86_64 | 1.1.0 | 2.07 | 32.47 | 34.54 | NOTE | |
| r-release-macos-arm64 | 1.1.0 | 1.00 | 33.00 | 34.00 | NOTE | |
| r-release-macos-x86_64 | 1.1.0 | 2.00 | 51.00 | 53.00 | NOTE | |
| r-release-windows-x86_64 | 1.1.0 | 4.00 | 60.00 | 64.00 | NOTE | |
| r-oldrel-macos-arm64 | 1.1.0 | 1.00 | 27.00 | 28.00 | NOTE | |
| r-oldrel-macos-x86_64 | 1.1.0 | 2.00 | 38.00 | 40.00 | NOTE | |
| r-oldrel-windows-x86_64 | 1.1.0 | 6.00 | 68.00 | 74.00 | NOTE |
Version: 1.1.0
Check: Rd files
Result: NOTE
checkRd: (-1) rt_GET.Rd:13: Lost braces
13 | code{\link[httr]{GET}} (\code{TRUE}) or not (\code{FALSE})}
| ^
checkRd: (-1) rt_POST.Rd:13: Lost braces
13 | code{\link[httr]{POST}} (\code{TRUE}) or not (\code{FALSE})}
| ^
Flavors: r-devel-linux-x86_64-debian-clang, r-devel-linux-x86_64-debian-gcc, r-devel-linux-x86_64-fedora-clang, r-devel-linux-x86_64-fedora-gcc, r-devel-windows-x86_64, r-patched-linux-x86_64, r-release-linux-x86_64, r-release-macos-arm64, r-release-macos-x86_64, r-release-windows-x86_64, r-oldrel-macos-arm64, r-oldrel-macos-x86_64, r-oldrel-windows-x86_64
Version: 1.1.0
Check: HTML version of manual
Result: NOTE
Found the following HTML validation problems:
compact.html:46:1 (compact.Rd:10): Warning: missing </ul> before </div>
print.rt_api.html:51:1 (print.rt_api.Rd:12): Warning: missing </ul> before </div>
rt.html:168:1 (rt.Rd:81): Warning: missing </ul> before </div>
rt_url.html:56:1 (rt_url.Rd:16): Warning: missing </ul> before </div>
Flavor: r-devel-linux-x86_64-debian-clang