Last updated on 2025-10-22 05:51:26 CEST.
Flavor | Version | Tinstall | Tcheck | Ttotal | Status | Flags |
---|---|---|---|---|---|---|
r-devel-linux-x86_64-debian-clang | 2.1.1 | 4.36 | 39.94 | 44.30 | NOTE | |
r-devel-linux-x86_64-debian-gcc | 2.1.1 | 3.17 | 30.32 | 33.49 | NOTE | |
r-devel-linux-x86_64-fedora-clang | 2.1.1 | 64.27 | OK | |||
r-devel-linux-x86_64-fedora-gcc | 2.1.1 | 61.05 | OK | |||
r-devel-windows-x86_64 | 2.1.1 | 6.00 | 60.00 | 66.00 | OK | |
r-patched-linux-x86_64 | 2.1.1 | 3.04 | 36.14 | 39.18 | OK | |
r-release-linux-x86_64 | 2.1.1 | 4.13 | 36.02 | 40.15 | OK | |
r-release-macos-arm64 | 2.1.1 | 2.00 | 22.00 | 24.00 | OK | |
r-release-macos-x86_64 | 2.1.1 | 3.00 | 32.00 | 35.00 | OK | |
r-release-windows-x86_64 | 2.1.1 | 7.00 | 61.00 | 68.00 | OK | |
r-oldrel-macos-arm64 | 2.1.1 | 2.00 | 27.00 | 29.00 | OK | |
r-oldrel-macos-x86_64 | 2.1.1 | 3.00 | 39.00 | 42.00 | OK | |
r-oldrel-windows-x86_64 | 2.1.1 | 8.00 | 67.00 | 75.00 | OK |
Version: 2.1.1
Check: HTML version of manual
Result: NOTE
Found the following HTML validation problems:
check_api_response.html:50:1 (check_api_response.Rd:12): Warning: missing </ul> before </div>
create_theme.html:132:1 (create_theme.Rd:74): Warning: missing </ul> before </div>
delete_form.html:51:1 (delete_form.Rd:13): Warning: missing </ul> before </div>
get_authorization.html:46:1 (get_authorization.Rd:10): Warning: missing </ul> before </div>
get_me.html:47:1 (get_me.Rd:11): Warning: missing </ul> before </div>
get_response.html:51:1 (get_response.Rd:12): Warning: missing </ul> before </div>
get_teams.html:50:1 (get_teams.Rd:14): Warning: missing </ul> before </div>
get_workspaces.html:91:1 (get_workspaces.Rd:46): Warning: missing </ul> before </div>
post_response.html:59:1 (post_response.Rd:16): Warning: missing </ul> before </div>
Flavors: r-devel-linux-x86_64-debian-clang, r-devel-linux-x86_64-debian-gcc