CRAN Package Check Results for Package rumidas

Last updated on 2025-10-22 05:51:26 CEST.

Flavor Version Tinstall Tcheck Ttotal Status Flags
r-devel-linux-x86_64-debian-clang 0.1.3 13.51 78.23 91.74 NOTE
r-devel-linux-x86_64-debian-gcc 0.1.3 9.04 52.33 61.37 NOTE
r-devel-linux-x86_64-fedora-clang 0.1.3 26.00 108.34 134.34 OK
r-devel-linux-x86_64-fedora-gcc 0.1.3 32.00 98.96 130.96 OK
r-devel-windows-x86_64 0.1.3 14.00 94.00 108.00 OK
r-patched-linux-x86_64 0.1.3 13.24 73.31 86.55 OK
r-release-linux-x86_64 0.1.3 12.97 72.31 85.28 OK
r-release-macos-arm64 0.1.3 6.00 36.00 42.00 OK
r-release-macos-x86_64 0.1.3 12.00 65.00 77.00 OK
r-release-windows-x86_64 0.1.3 16.00 99.00 115.00 OK
r-oldrel-macos-arm64 0.1.3 6.00 35.00 41.00 OK
r-oldrel-macos-x86_64 0.1.3 10.00 68.00 78.00 OK
r-oldrel-windows-x86_64 0.1.3 19.00 115.00 134.00 OK

Check Details

Version: 0.1.3
Check: HTML version of manual
Result: NOTE Found the following HTML validation problems: print.rumidas.html:51:1 (print.rumidas.Rd:12): Warning: missing </ul> before </div> Flavors: r-devel-linux-x86_64-debian-clang, r-devel-linux-x86_64-debian-gcc