Last updated on 2025-07-21 08:50:16 CEST.
Flavor | Version | Tinstall | Tcheck | Ttotal | Status | Flags |
---|---|---|---|---|---|---|
r-devel-linux-x86_64-debian-clang | 0.7.3.1.0 | 129.20 | 72.13 | 201.33 | OK | |
r-devel-linux-x86_64-debian-gcc | 0.7.3.1.0 | 108.33 | 59.36 | 167.69 | OK | |
r-devel-linux-x86_64-fedora-clang | 0.7.3.1.0 | 299.20 | OK | |||
r-devel-linux-x86_64-fedora-gcc | 0.7.3.1.0 | 385.78 | OK | |||
r-devel-windows-x86_64 | 0.7.3.1.0 | 135.00 | 137.00 | 272.00 | OK | |
r-patched-linux-x86_64 | 0.7.3.1.0 | 146.24 | 77.29 | 223.53 | OK | |
r-release-linux-x86_64 | 0.7.3.1.0 | 153.57 | 76.72 | 230.29 | OK | |
r-release-macos-arm64 | 0.7.3.1.0 | 99.00 | OK | |||
r-release-macos-x86_64 | 0.7.3.1.0 | 198.00 | OK | |||
r-release-windows-x86_64 | 0.7.3.1.0 | 140.00 | 147.00 | 287.00 | OK | |
r-oldrel-macos-arm64 | 0.7.3.1.0 | 91.00 | NOTE | |||
r-oldrel-macos-x86_64 | 0.7.3.1.0 | 196.00 | NOTE | |||
r-oldrel-windows-x86_64 | 0.7.3.1.0 | 161.00 | 168.00 | 329.00 | NOTE |
Version: 0.7.3.1.0
Check: installed package size
Result: NOTE
installed size is 65.4Mb
sub-directories of 1Mb or more:
include 5.1Mb
libs 59.9Mb
Flavors: r-oldrel-macos-arm64, r-oldrel-macos-x86_64, r-oldrel-windows-x86_64