Last updated on 2025-10-22 05:51:26 CEST.
Flavor | Version | Tinstall | Tcheck | Ttotal | Status | Flags |
---|---|---|---|---|---|---|
r-devel-linux-x86_64-debian-clang | 3.4 | 24.42 | 147.77 | 172.19 | NOTE | |
r-devel-linux-x86_64-debian-gcc | 3.4 | 15.69 | 96.10 | 111.79 | NOTE | |
r-devel-linux-x86_64-fedora-clang | 3.4 | 48.00 | 216.21 | 264.21 | OK | |
r-devel-linux-x86_64-fedora-gcc | 3.4 | 49.00 | 203.13 | 252.13 | OK | |
r-devel-windows-x86_64 | 3.4 | 24.00 | 154.00 | 178.00 | OK | |
r-patched-linux-x86_64 | 3.4 | 25.06 | 137.95 | 163.01 | OK | |
r-release-linux-x86_64 | 3.4 | 20.01 | 138.48 | 158.49 | OK | |
r-release-macos-arm64 | 3.4 | 9.00 | 48.00 | 57.00 | OK | |
r-release-macos-x86_64 | 3.4 | 19.00 | 116.00 | 135.00 | OK | |
r-release-windows-x86_64 | 3.4 | 26.00 | 156.00 | 182.00 | OK | |
r-oldrel-macos-arm64 | 3.4 | 9.00 | 48.00 | 57.00 | OK | |
r-oldrel-macos-x86_64 | 3.4 | 18.00 | 106.00 | 124.00 | OK | |
r-oldrel-windows-x86_64 | 3.4 | 34.00 | 198.00 | 232.00 | OK |
Version: 3.4
Check: HTML version of manual
Result: NOTE
Found the following HTML validation problems:
boostrap.data.html:63:1 (boostrap.data.Rd:26): Warning: missing </ul> before </div>
extract-methods.html:78:1 (extract-methods.Rd:36): Warning: missing </ul> before </div>
read-methods.html:55:1 (read-methods.Rd:16): Warning: missing </ul> before </div>
sub-SaemixModel-method.html:59:1 (sub-SaemixModel-method.Rd:16): Warning: missing </ul> before </div>
sub-SaemixObject-method.html:59:1 (sub-SaemixObject-method.Rd:16): Warning: missing </ul> before </div>
sub-SaemixRes-method.html:59:1 (sub-SaemixRes-method.Rd:16): Warning: missing </ul> before </div>
Flavors: r-devel-linux-x86_64-debian-clang, r-devel-linux-x86_64-debian-gcc