Last updated on 2025-10-22 05:51:26 CEST.
Flavor | Version | Tinstall | Tcheck | Ttotal | Status | Flags |
---|---|---|---|---|---|---|
r-devel-linux-x86_64-debian-clang | 1.0.0 | 2.46 | 46.73 | 49.19 | NOTE | |
r-devel-linux-x86_64-debian-gcc | 1.0.0 | 1.98 | 36.44 | 38.42 | NOTE | |
r-devel-linux-x86_64-fedora-clang | 1.0.0 | 73.25 | OK | |||
r-devel-linux-x86_64-fedora-gcc | 1.0.0 | 119.91 | OK | |||
r-devel-windows-x86_64 | 1.0.0 | 4.00 | 61.00 | 65.00 | OK | |
r-patched-linux-x86_64 | 1.0.0 | 2.72 | 42.79 | 45.51 | OK | |
r-release-linux-x86_64 | 1.0.0 | 2.49 | 42.87 | 45.36 | OK | |
r-release-macos-arm64 | 1.0.0 | 2.00 | 50.00 | 52.00 | OK | |
r-release-macos-x86_64 | 1.0.0 | 2.00 | 123.00 | 125.00 | OK | |
r-release-windows-x86_64 | 1.0.0 | 5.00 | 63.00 | 68.00 | OK | |
r-oldrel-macos-arm64 | 1.0.0 | 1.00 | 59.00 | 60.00 | OK | |
r-oldrel-macos-x86_64 | 1.0.0 | 2.00 | 140.00 | 142.00 | OK | |
r-oldrel-windows-x86_64 | 1.0.0 | 6.00 | 73.00 | 79.00 | OK |
Version: 1.0.0
Check: HTML version of manual
Result: NOTE
Found the following HTML validation problems:
vars_tags.html:50:1 (vars_tags.Rd:12): Warning: missing </ul> before </div>
Flavors: r-devel-linux-x86_64-debian-clang, r-devel-linux-x86_64-debian-gcc