Last updated on 2025-10-24 04:51:08 CEST.
| Flavor | Version | Tinstall | Tcheck | Ttotal | Status | Flags |
|---|---|---|---|---|---|---|
| r-devel-linux-x86_64-debian-clang | 1.0.1 | 1.99 | 23.30 | 25.29 | OK | |
| r-devel-linux-x86_64-debian-gcc | 1.0.1 | 1.61 | 18.30 | 19.91 | OK | |
| r-devel-linux-x86_64-fedora-clang | 1.0.1 | 37.88 | NOTE | |||
| r-devel-linux-x86_64-fedora-gcc | 1.0.1 | 36.32 | NOTE | |||
| r-devel-windows-x86_64 | 1.0.1 | 3.00 | 41.00 | 44.00 | OK | |
| r-patched-linux-x86_64 | 1.0.1 | 1.70 | 22.20 | 23.90 | OK | |
| r-release-linux-x86_64 | 1.0.1 | 1.91 | 22.18 | 24.09 | OK | |
| r-release-macos-arm64 | 1.0.1 | 1.00 | 15.00 | 16.00 | OK | |
| r-release-macos-x86_64 | 1.0.1 | 2.00 | 23.00 | 25.00 | OK | |
| r-release-windows-x86_64 | 1.0.1 | 2.00 | 42.00 | 44.00 | OK | |
| r-oldrel-macos-arm64 | 1.0.1 | 1.00 | 13.00 | 14.00 | OK | |
| r-oldrel-macos-x86_64 | 1.0.1 | 2.00 | 21.00 | 23.00 | OK | |
| r-oldrel-windows-x86_64 | 1.0.1 | 3.00 | 44.00 | 47.00 | OK |
Version: 1.0.1
Check: dependencies in R code
Result: NOTE
Namespace in Imports field not imported from: ‘mvtnorm’
All declared Imports should be used.
Flavors: r-devel-linux-x86_64-fedora-clang, r-devel-linux-x86_64-fedora-gcc