CRAN Package Check Results for Package salmonMSE

Last updated on 2025-10-22 05:51:26 CEST.

Flavor Version Tinstall Tcheck Ttotal Status Flags
r-devel-linux-x86_64-debian-clang 0.1.0 26.09 160.56 186.65 NOTE
r-devel-linux-x86_64-debian-gcc 0.1.0 20.68 110.82 131.50 NOTE
r-devel-linux-x86_64-fedora-clang 0.1.0 150.00 157.49 307.49 OK
r-devel-linux-x86_64-fedora-gcc 0.1.0 62.00 217.81 279.81 OK
r-devel-windows-x86_64 0.1.0 29.00 139.00 168.00 OK
r-patched-linux-x86_64 0.1.0 29.03 149.52 178.55 OK
r-release-linux-x86_64 0.1.0 28.21 149.75 177.96 OK
r-release-macos-arm64 0.1.0 11.00 57.00 68.00 OK
r-release-macos-x86_64 0.1.0 27.00 136.00 163.00 OK
r-release-windows-x86_64 0.1.0 52.00 140.00 192.00 OK
r-oldrel-macos-arm64 0.1.0 12.00 62.00 74.00 OK
r-oldrel-macos-x86_64 0.1.0 27.00 157.00 184.00 OK
r-oldrel-windows-x86_64 0.1.0 39.00 182.00 221.00 OK

Check Details

Version: 0.1.0
Check: HTML version of manual
Result: NOTE Found the following HTML validation problems: fit_CM.html:252:1 (fit_CM.Rd:123): Warning: <h3> anchor "start" already defined smolt_func.html:200:1 (smolt_func.Rd:119): Warning: <h3> anchor "hatchery_args" already defined Flavors: r-devel-linux-x86_64-debian-clang, r-devel-linux-x86_64-debian-gcc