Last updated on 2025-10-22 05:51:26 CEST.
Flavor | Version | Tinstall | Tcheck | Ttotal | Status | Flags |
---|---|---|---|---|---|---|
r-devel-linux-x86_64-debian-clang | 0.0.3 | 1.97 | 44.61 | 46.58 | NOTE | |
r-devel-linux-x86_64-debian-gcc | 0.0.3 | 1.46 | 37.54 | 39.00 | NOTE | |
r-devel-linux-x86_64-fedora-clang | 0.0.3 | 70.78 | OK | |||
r-devel-linux-x86_64-fedora-gcc | 0.0.3 | 84.45 | OK | |||
r-devel-windows-x86_64 | 0.0.3 | 2.00 | 52.00 | 54.00 | OK | |
r-patched-linux-x86_64 | 0.0.3 | 1.99 | 43.18 | 45.17 | OK | |
r-release-linux-x86_64 | 0.0.3 | 1.86 | 43.10 | 44.96 | OK | |
r-release-macos-arm64 | 0.0.3 | 1.00 | 28.00 | 29.00 | OK | |
r-release-macos-x86_64 | 0.0.3 | 2.00 | 47.00 | 49.00 | OK | |
r-release-windows-x86_64 | 0.0.3 | 3.00 | 55.00 | 58.00 | OK | |
r-oldrel-macos-arm64 | 0.0.3 | 1.00 | 26.00 | 27.00 | OK | |
r-oldrel-macos-x86_64 | 0.0.3 | 2.00 | 39.00 | 41.00 | OK | |
r-oldrel-windows-x86_64 | 0.0.3 | 5.00 | 61.00 | 66.00 | OK |
Version: 0.0.3
Check: HTML version of manual
Result: NOTE
Found the following HTML validation problems:
print.power.cmh.html:60:1 (print.power.cmh.Rd:17): Warning: missing </ul> before </div>
Flavors: r-devel-linux-x86_64-debian-clang, r-devel-linux-x86_64-debian-gcc